CRAN Package Check Results for Package RISCA

Last updated on 2021-05-11 08:48:26 CEST.

Flavor Version Tinstall Tcheck Ttotal Status Flags
r-devel-linux-x86_64-debian-clang 0.9 39.25 270.19 309.44 OK
r-devel-linux-x86_64-debian-gcc 0.9 32.65 203.24 235.89 OK
r-devel-linux-x86_64-fedora-clang 0.9 375.67 OK
r-devel-linux-x86_64-fedora-gcc 0.9 365.18 OK
r-devel-windows-ix86+x86_64 0.9 81.00 317.00 398.00 OK
r-devel-windows-x86_64-gcc10-UCRT 0.9 OK
r-patched-linux-x86_64 0.9 37.57 260.80 298.37 OK
r-patched-solaris-x86 0.9 458.30 OK
r-release-linux-x86_64 0.9 42.51 246.34 288.85 OK
r-release-macos-x86_64 0.9 OK
r-release-windows-ix86+x86_64 0.9 49.00 226.00 275.00 OK
r-oldrel-macos-x86_64 0.9 OK
r-oldrel-windows-ix86+x86_64 0.9 65.00 8.00 73.00 ERROR

Check Details

Version: 0.9
Check: whether package can be installed
Result: ERROR
    Installation failed.
Flavor: r-oldrel-windows-ix86+x86_64