Last updated on 2024-05-04 08:51:36 CEST.
Flavor | Version | Tinstall | Tcheck | Ttotal | Status | Flags |
---|---|---|---|---|---|---|
r-devel-linux-x86_64-debian-clang | 2.3.0 | 8.60 | 49.29 | 57.89 | OK | |
r-devel-linux-x86_64-debian-gcc | 2.3.0 | 6.65 | 37.36 | 44.01 | OK | |
r-devel-linux-x86_64-fedora-clang | 2.3.0 | 71.26 | NOTE | |||
r-devel-linux-x86_64-fedora-gcc | 2.3.0 | 69.07 | NOTE | |||
r-devel-windows-x86_64 | 2.3.0 | 9.00 | 82.00 | 91.00 | OK | |
r-patched-linux-x86_64 | 2.3.0 | 8.27 | 46.71 | 54.98 | OK | |
r-release-linux-x86_64 | 2.3.0 | 8.39 | 47.53 | 55.92 | OK | |
r-release-macos-arm64 | 2.3.0 | 25.00 | OK | |||
r-release-windows-x86_64 | 2.3.0 | 10.00 | 89.00 | 99.00 | OK | |
r-oldrel-macos-arm64 | 2.3.0 | 26.00 | OK | |||
r-oldrel-macos-x86_64 | 2.3.0 | 34.00 | OK | |||
r-oldrel-windows-x86_64 | 2.3.0 | 11.00 | 85.00 | 96.00 | OK |
Version: 2.3.0
Check: dependencies in R code
Result: NOTE
Namespace in Imports field not imported from: ‘httr’
All declared Imports should be used.
Flavors: r-devel-linux-x86_64-fedora-clang, r-devel-linux-x86_64-fedora-gcc
Version: 2.3.0
Check: data for non-ASCII characters
Result: NOTE
Note: found 243 marked UTF-8 strings
Flavors: r-devel-linux-x86_64-fedora-clang, r-devel-linux-x86_64-fedora-gcc