Last updated on 2024-03-12 07:50:05 CET.
Flavor | Version | Tinstall | Tcheck | Ttotal | Status | Flags |
---|---|---|---|---|---|---|
r-devel-linux-x86_64-debian-clang | 0.3-3 | 12.34 | 174.93 | 187.27 | NOTE | |
r-devel-linux-x86_64-debian-gcc | 0.3-3 | 10.77 | 133.95 | 144.72 | NOTE | |
r-devel-linux-x86_64-fedora-clang | 0.3-3 | 235.19 | NOTE | |||
r-devel-linux-x86_64-fedora-gcc | 0.3-3 | 230.62 | NOTE | |||
r-devel-windows-x86_64 | 0.3-3 | 15.00 | 141.00 | 156.00 | NOTE | |
r-patched-linux-x86_64 | 0.3-3 | 17.60 | 176.38 | 193.98 | OK | |
r-release-linux-x86_64 | 0.3-3 | 9.03 | 174.46 | 183.49 | OK | |
r-release-macos-arm64 | 0.3-3 | 51.00 | OK | |||
r-release-macos-x86_64 | 0.3-3 | 103.00 | OK | |||
r-release-windows-x86_64 | 0.3-3 | 18.00 | 174.00 | 192.00 | OK | |
r-oldrel-macos-arm64 | 0.3-3 | 56.00 | OK | |||
r-oldrel-windows-x86_64 | 0.3-3 | 18.00 | 172.00 | 190.00 | OK |
Version: 0.3-3
Check: Rd files
Result: NOTE
checkRd: (-1) CovsAlignedToADesign-class.Rd:22: Lost braces; missing escapes or markup?
22 | specified stratum weight to the product of h_b (the harmonic mean of n_{tb} and
| ^
checkRd: (-1) CovsAlignedToADesign-class.Rd:23: Lost braces; missing escapes or markup?
23 | n_{cb}, the counts of treatment and control clusters in stratum b) with bar-w_b,
| ^
checkRd: (-1) DesignWeights.Rd:39: Lost braces; missing escapes or markup?
39 | mean of n_{tb} and n_{cb}, the number of treatment and control
| ^
checkRd: (-1) DesignWeights.Rd:39: Lost braces; missing escapes or markup?
39 | mean of n_{tb} and n_{cb}, the number of treatment and control
| ^
Flavors: r-devel-linux-x86_64-debian-clang, r-devel-linux-x86_64-debian-gcc, r-devel-linux-x86_64-fedora-clang, r-devel-linux-x86_64-fedora-gcc, r-devel-windows-x86_64