CRAN Package Check Results for Package RJDemetra

Last updated on 2021-05-10 08:49:23 CEST.

Flavor Version Tinstall Tcheck Ttotal Status Flags
r-devel-linux-x86_64-debian-clang 0.1.6 12.72 79.46 92.18 OK
r-devel-linux-x86_64-debian-gcc 0.1.6 9.65 60.19 69.84 OK
r-devel-linux-x86_64-fedora-clang 0.1.6 119.76 NOTE
r-devel-linux-x86_64-fedora-gcc 0.1.6 110.28 OK
r-devel-windows-ix86+x86_64 0.1.6 18.00 98.00 116.00 NOTE
r-devel-windows-x86_64-gcc10-UCRT 0.1.6 OK
r-patched-linux-x86_64 0.1.6 12.93 77.73 90.66 OK
r-release-linux-x86_64 0.1.6 11.88 74.14 86.02 OK
r-release-macos-x86_64 0.1.6 NOTE
r-release-windows-ix86+x86_64 0.1.6 17.00 69.00 86.00 NOTE
r-oldrel-macos-x86_64 0.1.6 NOTE
r-oldrel-windows-ix86+x86_64 0.1.6 20.00 87.00 107.00 NOTE

Check Details

Version: 0.1.6
Check: installed package size
Result: NOTE
     installed size is 5.2Mb
     sub-directories of 1Mb or more:
     java 4.4Mb
Flavors: r-devel-linux-x86_64-fedora-clang, r-devel-windows-ix86+x86_64, r-release-macos-x86_64, r-release-windows-ix86+x86_64, r-oldrel-macos-x86_64, r-oldrel-windows-ix86+x86_64