Last updated on 2024-04-23 08:58:14 CEST.
Flavor | Version | Tinstall | Tcheck | Ttotal | Status | Flags |
---|---|---|---|---|---|---|
r-devel-linux-x86_64-debian-clang | 1.0 | 1.97 | 28.54 | 30.51 | NOTE | |
r-devel-linux-x86_64-debian-gcc | 1.0 | 1.60 | 21.80 | 23.40 | NOTE | |
r-devel-linux-x86_64-fedora-clang | 1.0 | 39.13 | NOTE | |||
r-devel-linux-x86_64-fedora-gcc | 1.0 | 49.25 | NOTE | |||
r-prerel-macos-arm64 | 1.0 | 20.00 | NOTE | |||
r-prerel-windows-x86_64 | 1.0 | 3.00 | 44.00 | 47.00 | NOTE | |
r-patched-linux-x86_64 | 1.0 | 2.15 | 26.37 | 28.52 | NOTE | |
r-release-linux-x86_64 | 1.0 | 1.77 | 24.98 | 26.75 | NOTE | |
r-release-macos-arm64 | 1.0 | 21.00 | NOTE | |||
r-release-macos-x86_64 | 1.0 | 29.00 | NOTE | |||
r-release-windows-x86_64 | 1.0 | 4.00 | 43.00 | 47.00 | NOTE | |
r-oldrel-macos-arm64 | 1.0 | 19.00 | NOTE | |||
r-oldrel-windows-x86_64 | 1.0 | 4.00 | 48.00 | 52.00 | NOTE |
Version: 1.0
Check: LazyData
Result: NOTE
'LazyData' is specified without a 'data' directory
Flavors: r-devel-linux-x86_64-debian-clang, r-devel-linux-x86_64-debian-gcc, r-devel-linux-x86_64-fedora-clang, r-devel-linux-x86_64-fedora-gcc, r-prerel-macos-arm64, r-prerel-windows-x86_64, r-patched-linux-x86_64, r-release-linux-x86_64, r-release-macos-arm64, r-release-macos-x86_64, r-release-windows-x86_64, r-oldrel-macos-arm64, r-oldrel-windows-x86_64