Last updated on 2024-04-20 08:51:09 CEST.
Flavor | Version | Tinstall | Tcheck | Ttotal | Status | Flags |
---|---|---|---|---|---|---|
r-devel-linux-x86_64-debian-clang | 0.2.10 | 55.00 | 62.31 | 117.31 | NOTE | |
r-devel-linux-x86_64-debian-gcc | 0.2.10 | 38.92 | 46.57 | 85.49 | NOTE | |
r-devel-linux-x86_64-fedora-clang | 0.2.10 | 154.30 | NOTE | |||
r-devel-linux-x86_64-fedora-gcc | 0.2.10 | 163.04 | NOTE | |||
r-prerel-macos-arm64 | 0.2.10 | 45.00 | NOTE | |||
r-prerel-windows-x86_64 | 0.2.10 | 40.00 | 87.00 | 127.00 | NOTE | |
r-patched-linux-x86_64 | 0.2.10 | 52.39 | 60.83 | 113.22 | NOTE | |
r-release-linux-x86_64 | 0.2.10 | 46.72 | 58.34 | 105.06 | NOTE | |
r-release-macos-arm64 | 0.2.10 | 47.00 | NOTE | |||
r-release-macos-x86_64 | 0.2.10 | 76.00 | NOTE | |||
r-release-windows-x86_64 | 0.2.10 | 52.00 | 101.00 | 153.00 | NOTE | |
r-oldrel-macos-arm64 | 0.2.10 | 39.00 | OK | |||
r-oldrel-windows-x86_64 | 0.2.10 | 50.00 | 105.00 | 155.00 | OK |
Version: 0.2.10
Check: C++ specification
Result: NOTE
Specified C++11: please drop specification unless essential
Flavors: r-devel-linux-x86_64-debian-clang, r-devel-linux-x86_64-debian-gcc, r-devel-linux-x86_64-fedora-clang, r-devel-linux-x86_64-fedora-gcc, r-prerel-macos-arm64, r-prerel-windows-x86_64, r-patched-linux-x86_64, r-release-linux-x86_64, r-release-macos-arm64, r-release-macos-x86_64, r-release-windows-x86_64