CRAN Package Check Results for Package RMBC

Last updated on 2024-05-27 08:49:35 CEST.

Flavor Version Tinstall Tcheck Ttotal Status Flags
r-devel-linux-x86_64-debian-clang 0.1.0 2.14 28.62 30.76 NOTE
r-devel-linux-x86_64-debian-gcc 0.1.0 1.95 21.82 23.77 NOTE
r-devel-linux-x86_64-fedora-clang 0.1.0 39.13 NOTE
r-devel-linux-x86_64-fedora-gcc 0.1.0 37.33 NOTE
r-devel-windows-x86_64 0.1.0 3.00 44.00 47.00 NOTE
r-patched-linux-x86_64 0.1.0 7.10 28.16 35.26 NOTE
r-release-linux-x86_64 0.1.0 2.22 27.72 29.94 NOTE
r-release-macos-arm64 0.1.0 17.00 NOTE
r-release-windows-x86_64 0.1.0 3.00 45.00 48.00 NOTE
r-oldrel-macos-arm64 0.1.0 18.00 OK
r-oldrel-macos-x86_64 0.1.0 25.00 OK
r-oldrel-windows-x86_64 0.1.0 4.00 49.00 53.00 OK

Check Details

Version: 0.1.0
Check: Rd files
Result: NOTE checkRd: (-1) RMBC.Rd:24: Lost braces in \itemize; \value handles \item{}{} directly checkRd: (-1) RMBC.Rd:25: Lost braces in \itemize; \value handles \item{}{} directly checkRd: (-1) RMBC.Rd:26: Lost braces in \itemize; \value handles \item{}{} directly checkRd: (-1) RMBC.Rd:27: Lost braces in \itemize; \value handles \item{}{} directly checkRd: (-1) RMBC.Rd:28: Lost braces in \itemize; \value handles \item{}{} directly checkRd: (-1) RMBC.Rd:29-30: Lost braces in \itemize; \value handles \item{}{} directly checkRd: (-1) RMBC.Rd:31-34: Lost braces in \itemize; \value handles \item{}{} directly checkRd: (-1) RMBCaux.Rd:50-51: Lost braces in \itemize; \value handles \item{}{} directly checkRd: (-1) RMBCaux.Rd:52-53: Lost braces in \itemize; \value handles \item{}{} directly checkRd: (-1) RMBCaux.Rd:54-55: Lost braces in \itemize; \value handles \item{}{} directly checkRd: (-1) RMBCaux.Rd:56-57: Lost braces in \itemize; \value handles \item{}{} directly checkRd: (-1) RMBCaux.Rd:58-59: Lost braces in \itemize; \value handles \item{}{} directly checkRd: (-1) RMBCaux.Rd:60-61: Lost braces in \itemize; \value handles \item{}{} directly checkRd: (-1) RMBCaux.Rd:62-63: Lost braces in \itemize; \value handles \item{}{} directly checkRd: (-1) robustINIT.Rd:19: Lost braces in \itemize; \value handles \item{}{} directly checkRd: (-1) robustINIT.Rd:20: Lost braces in \itemize; \value handles \item{}{} directly checkRd: (-1) robustINIT.Rd:21: Lost braces in \itemize; \value handles \item{}{} directly checkRd: (-1) robustINIT.Rd:22: Lost braces in \itemize; \value handles \item{}{} directly checkRd: (-1) weightedSestimator.Rd:38: Lost braces in \itemize; \value handles \item{}{} directly checkRd: (-1) weightedSestimator.Rd:39: Lost braces in \itemize; \value handles \item{}{} directly checkRd: (-1) weightedSestimator.Rd:40: Lost braces in \itemize; \value handles \item{}{} directly Flavors: r-devel-linux-x86_64-debian-clang, r-devel-linux-x86_64-debian-gcc, r-devel-linux-x86_64-fedora-clang, r-devel-linux-x86_64-fedora-gcc, r-devel-windows-x86_64, r-patched-linux-x86_64, r-release-linux-x86_64, r-release-macos-arm64, r-release-windows-x86_64