CRAN Package Check Results for Package RMariaDB

Last updated on 2021-04-15 09:50:13 CEST.

Flavor Version Tinstall Tcheck Ttotal Status Flags
r-devel-linux-x86_64-debian-clang 1.1.0 132.98 43.85 176.83 OK
r-devel-linux-x86_64-debian-gcc 1.1.1 73.68 34.67 108.35 OK
r-devel-linux-x86_64-fedora-clang 1.1.1 258.21 OK
r-devel-linux-x86_64-fedora-gcc 1.1.1 210.16 OK
r-devel-windows-ix86+x86_64 1.1.0 547.00 184.00 731.00 NOTE
r-devel-windows-x86_64-gcc10-UCRT 1.1.0 OK
r-patched-linux-x86_64 1.1.1 94.91 42.70 137.61 OK
r-patched-solaris-x86 1.1.1 191.80 OK
r-release-linux-x86_64 1.1.1 92.37 42.91 135.28 OK
r-release-macos-x86_64 1.1.0 NOTE
r-release-windows-ix86+x86_64 1.1.1 512.00 207.00 719.00 NOTE
r-oldrel-macos-x86_64 1.1.1 NOTE
r-oldrel-windows-ix86+x86_64 1.1.1 484.00 189.00 673.00 NOTE

Check Details

Version: 1.1.0
Check: installed package size
Result: NOTE
     installed size is 8.7Mb
     sub-directories of 1Mb or more:
     libs 8.4Mb
Flavors: r-devel-windows-ix86+x86_64, r-release-macos-x86_64

Version: 1.1.1
Check: installed package size
Result: NOTE
     installed size is 8.7Mb
     sub-directories of 1Mb or more:
     libs 8.4Mb
Flavors: r-release-windows-ix86+x86_64, r-oldrel-macos-x86_64, r-oldrel-windows-ix86+x86_64