Last updated on 2024-04-18 08:54:45 CEST.
Flavor | Version | Tinstall | Tcheck | Ttotal | Status | Flags |
---|---|---|---|---|---|---|
r-devel-linux-x86_64-debian-clang | 4.1.6 | 10.49 | 82.12 | 92.61 | NOTE | |
r-devel-linux-x86_64-debian-gcc | 4.1.6 | 7.59 | 60.52 | 68.11 | NOTE | |
r-devel-linux-x86_64-fedora-clang | 4.1.6 | 114.46 | NOTE | |||
r-devel-linux-x86_64-fedora-gcc | 4.1.6 | 106.85 | NOTE | |||
r-prerel-macos-arm64 | 4.1.6 | 35.00 | NOTE | |||
r-prerel-windows-x86_64 | 4.1.6 | 9.00 | 86.00 | 95.00 | NOTE | |
r-patched-linux-x86_64 | 4.1.6 | 8.52 | 77.74 | 86.26 | NOTE | |
r-release-linux-x86_64 | 4.1.6 | 5.61 | 77.38 | 82.99 | OK | |
r-release-macos-arm64 | 4.1.6 | 35.00 | OK | |||
r-release-macos-x86_64 | 4.1.6 | 82.00 | OK | |||
r-release-windows-x86_64 | 4.1.6 | 12.00 | 102.00 | 114.00 | OK | |
r-oldrel-macos-arm64 | 4.1.6 | 38.00 | OK | |||
r-oldrel-windows-x86_64 | 4.1.6 | 12.00 | 102.00 | 114.00 | OK |
Version: 4.1.6
Check: Rd files
Result: NOTE
checkRd: (-1) histMisclassif.Rd:22: Lost braces
22 | err_i = 1 - max_{k={1,\ldots,K}} P(Z_i=k|x_i)
| ^
checkRd: (-1) histMisclassif.Rd:22: Lost braces
22 | err_i = 1 - max_{k={1,\ldots,K}} P(Z_i=k|x_i)
| ^
Flavors: r-devel-linux-x86_64-debian-clang, r-devel-linux-x86_64-debian-gcc, r-devel-linux-x86_64-fedora-clang, r-devel-linux-x86_64-fedora-gcc, r-prerel-macos-arm64, r-prerel-windows-x86_64, r-patched-linux-x86_64