CRAN Package Check Results for Package RNGforGPD

Last updated on 2021-05-18 08:48:25 CEST.

Flavor Version Tinstall Tcheck Ttotal Status Flags
r-devel-linux-x86_64-debian-clang 1.1.0 8.01 93.35 101.36 NOTE
r-devel-linux-x86_64-debian-gcc 1.1.0 5.42 71.96 77.38 NOTE
r-devel-linux-x86_64-fedora-clang 1.1.0 127.75 NOTE
r-devel-linux-x86_64-fedora-gcc 1.1.0 125.46 NOTE
r-devel-windows-ix86+x86_64 1.1.0 17.00 114.00 131.00 NOTE
r-devel-windows-x86_64-gcc10-UCRT 1.1.0 NOTE
r-patched-linux-x86_64 1.1.0 7.55 94.69 102.24 NOTE
r-patched-solaris-x86 1.1.0 198.50 NOTE
r-release-linux-x86_64 1.1.0 8.07 93.34 101.41 OK
r-release-macos-x86_64 1.1.0 OK
r-release-windows-ix86+x86_64 1.1.0 12.00 80.00 92.00 OK
r-oldrel-macos-x86_64 1.1.0 OK
r-oldrel-windows-ix86+x86_64 1.1.0 11.00 118.00 129.00 OK

Check Details

Version: 1.1.0
Check: LazyData
Result: NOTE
     'LazyData' is specified without a 'data' directory
Flavors: r-devel-linux-x86_64-debian-clang, r-devel-linux-x86_64-debian-gcc, r-devel-linux-x86_64-fedora-clang, r-devel-linux-x86_64-fedora-gcc, r-devel-windows-ix86+x86_64, r-devel-windows-x86_64-gcc10-UCRT, r-patched-linux-x86_64, r-patched-solaris-x86