Last updated on 2024-04-23 08:58:15 CEST.
Flavor | Version | Tinstall | Tcheck | Ttotal | Status | Flags |
---|---|---|---|---|---|---|
r-devel-linux-x86_64-debian-clang | 1.0-11 | 6.61 | 156.62 | 163.23 | NOTE | |
r-devel-linux-x86_64-debian-gcc | 1.0-11 | 4.33 | 121.84 | 126.17 | NOTE | |
r-devel-linux-x86_64-fedora-clang | 1.0-11 | 191.54 | NOTE | |||
r-devel-linux-x86_64-fedora-gcc | 1.0-11 | 194.17 | NOTE | |||
r-prerel-macos-arm64 | 1.0-11 | 57.00 | NOTE | |||
r-prerel-windows-x86_64 | 1.0-11 | 5.00 | 131.00 | 136.00 | NOTE | |
r-patched-linux-x86_64 | 1.0-11 | 6.20 | 153.37 | 159.57 | NOTE | |
r-release-linux-x86_64 | 1.0-11 | 3.73 | 153.35 | 157.08 | NOTE | |
r-release-macos-arm64 | 1.0-11 | 52.00 | NOTE | |||
r-release-macos-x86_64 | 1.0-11 | 93.00 | NOTE | |||
r-release-windows-x86_64 | 1.0-11 | 7.00 | 166.00 | 173.00 | NOTE | |
r-oldrel-macos-arm64 | 1.0-11 | 49.00 | OK | |||
r-oldrel-windows-x86_64 | 1.0-11 | 8.00 | 168.00 | 176.00 | OK |
Version: 1.0-11
Check: Rd files
Result: NOTE
checkRd: (-1) performance.Rd:35: Escaped LaTeX specials: \#
checkRd: (-1) performance.Rd:36: Escaped LaTeX specials: \# \# \#
checkRd: (-1) performance.Rd:37: Escaped LaTeX specials: \# \#
Flavors: r-devel-linux-x86_64-debian-clang, r-devel-linux-x86_64-debian-gcc, r-devel-linux-x86_64-fedora-clang, r-devel-linux-x86_64-fedora-gcc, r-prerel-macos-arm64, r-prerel-windows-x86_64, r-patched-linux-x86_64, r-release-linux-x86_64, r-release-macos-arm64, r-release-macos-x86_64, r-release-windows-x86_64