CRAN Package Check Results for Package RPPanalyzer

Last updated on 2021-07-25 08:51:10 CEST.

Flavor Version Tinstall Tcheck Ttotal Status Flags
r-devel-linux-x86_64-debian-clang 1.4.7 17.89 162.04 179.93 OK
r-devel-linux-x86_64-debian-gcc 1.4.7 15.78 121.76 137.54 OK
r-devel-linux-x86_64-fedora-clang 1.4.7 218.63 NOTE
r-devel-linux-x86_64-fedora-gcc 1.4.7 208.28 OK
r-devel-windows-x86_64 1.4.7 22.00 143.00 165.00 NOTE
r-devel-windows-x86_64-gcc10-UCRT 1.4.7 OK
r-patched-linux-x86_64 1.4.7 17.13 152.08 169.21 OK
r-patched-solaris-x86 1.4.7 301.00 NOTE
r-release-linux-x86_64 1.4.7 17.51 152.30 169.81 OK
r-release-macos-arm64 1.4.7 NOTE
r-release-macos-x86_64 1.4.7 NOTE
r-release-windows-ix86+x86_64 1.4.7 42.00 145.00 187.00 NOTE
r-oldrel-macos-x86_64 1.4.7 NOTE
r-oldrel-windows-ix86+x86_64 1.4.7 43.00 176.00 219.00 NOTE

Check Details

Version: 1.4.7
Check: installed package size
Result: NOTE
     installed size is 5.4Mb
     sub-directories of 1Mb or more:
     extdata 4.5Mb
Flavors: r-devel-linux-x86_64-fedora-clang, r-devel-windows-x86_64, r-patched-solaris-x86, r-release-macos-arm64, r-release-macos-x86_64, r-release-windows-ix86+x86_64, r-oldrel-macos-x86_64, r-oldrel-windows-ix86+x86_64