Last updated on 2024-04-20 08:51:10 CEST.
Flavor | Version | Tinstall | Tcheck | Ttotal | Status | Flags |
---|---|---|---|---|---|---|
r-devel-linux-x86_64-debian-clang | 1.1 | 33.59 | 43.78 | 77.37 | NOTE | |
r-devel-linux-x86_64-debian-gcc | 1.1 | 29.48 | 31.96 | 61.44 | NOTE | |
r-devel-linux-x86_64-fedora-clang | 1.1 | 112.35 | NOTE | |||
r-devel-linux-x86_64-fedora-gcc | 1.1 | 110.40 | NOTE | |||
r-prerel-macos-arm64 | 1.1 | 28.00 | NOTE | |||
r-prerel-windows-x86_64 | 1.1 | 31.00 | 73.00 | 104.00 | NOTE | |
r-patched-linux-x86_64 | 1.1 | 35.69 | 42.19 | 77.88 | NOTE | |
r-release-linux-x86_64 | 1.1 | 33.89 | 41.67 | 75.56 | NOTE | |
r-release-macos-arm64 | 1.1 | 33.00 | NOTE | |||
r-release-macos-x86_64 | 1.1 | 51.00 | NOTE | |||
r-release-windows-x86_64 | 1.1 | 36.00 | 79.00 | 115.00 | NOTE | |
r-oldrel-macos-arm64 | 1.1 | 31.00 | NOTE | |||
r-oldrel-windows-x86_64 | 1.1 | 36.00 | 78.00 | 114.00 | NOTE |
Version: 1.1
Check: Rd files
Result: NOTE
checkRd: (-1) rrinf_clust.Rd:24: Lost braces; missing escapes or markup?
24 | \item{clustering}{A \code{List} that specifies a clustering of datapoint indexes {1, ..., n}. See \link{example_clustering} for details.}
| ^
checkRd: (-1) rrtest_clust.Rd:21: Lost braces; missing escapes or markup?
21 | \item{clustering}{A \code{List} that specifies a clustering of datapoint indexes {1, ..., n}.
| ^
Flavors: r-devel-linux-x86_64-debian-clang, r-devel-linux-x86_64-debian-gcc, r-devel-linux-x86_64-fedora-clang, r-devel-linux-x86_64-fedora-gcc, r-prerel-macos-arm64, r-prerel-windows-x86_64, r-patched-linux-x86_64
Version: 1.1
Check: LazyData
Result: NOTE
'LazyData' is specified without a 'data' directory
Flavors: r-devel-linux-x86_64-debian-clang, r-devel-linux-x86_64-debian-gcc, r-devel-linux-x86_64-fedora-clang, r-devel-linux-x86_64-fedora-gcc, r-prerel-macos-arm64, r-prerel-windows-x86_64, r-patched-linux-x86_64, r-release-linux-x86_64, r-release-macos-arm64, r-release-macos-x86_64, r-release-windows-x86_64, r-oldrel-macos-arm64, r-oldrel-windows-x86_64