Last updated on 2021-04-23 08:47:37 CEST.
Flavor | Version | Tinstall | Tcheck | Ttotal | Status | Flags |
---|---|---|---|---|---|---|
r-devel-linux-x86_64-debian-clang | 1.3.0 | 12.03 | 80.55 | 92.58 | OK | |
r-devel-linux-x86_64-debian-gcc | 1.3.0 | 7.75 | 63.40 | 71.15 | OK | |
r-devel-linux-x86_64-fedora-clang | 1.3.0 | 119.22 | NOTE | |||
r-devel-linux-x86_64-fedora-gcc | 1.3.0 | 112.34 | OK | |||
r-devel-windows-ix86+x86_64 | 1.3.0 | 22.00 | 108.00 | 130.00 | OK | |
r-devel-windows-x86_64-gcc10-UCRT | 1.3.0 | OK | ||||
r-patched-linux-x86_64 | 1.3.0 | 11.03 | 78.43 | 89.46 | OK | |
r-patched-solaris-x86 | 1.3.0 | 151.20 | OK | |||
r-release-linux-x86_64 | 1.3.0 | 11.06 | 75.23 | 86.29 | OK | |
r-release-macos-x86_64 | 1.3.0 | OK | ||||
r-release-windows-ix86+x86_64 | 1.3.0 | 21.00 | 87.00 | 108.00 | OK | |
r-oldrel-macos-x86_64 | 1.3.0 | OK | ||||
r-oldrel-windows-ix86+x86_64 | 1.3.0 | 21.00 | 98.00 | 119.00 | OK |
Version: 1.3.0
Check: Rd cross-references
Result: NOTE
Undeclared package ‘sp’ in Rd xrefs
Flavor: r-devel-linux-x86_64-fedora-clang