CRAN Package Check Results for Package RSelenium

Last updated on 2024-05-24 08:55:45 CEST.

Flavor Version Tinstall Tcheck Ttotal Status Flags
r-devel-linux-x86_64-debian-clang 1.7.9 3.97 48.14 52.11 NOTE
r-devel-linux-x86_64-debian-gcc 1.7.9 3.95 36.95 40.90 NOTE
r-devel-linux-x86_64-fedora-clang 1.7.9 68.04 NOTE
r-devel-linux-x86_64-fedora-gcc 1.7.9 76.04 NOTE
r-devel-windows-x86_64 1.7.9 5.00 58.00 63.00 NOTE
r-patched-linux-x86_64 1.7.9 5.39 46.72 52.11 NOTE
r-release-linux-x86_64 1.7.9 4.20 46.14 50.34 NOTE
r-release-macos-arm64 1.7.9 31.00 NOTE
r-release-windows-x86_64 1.7.9 6.00 59.00 65.00 NOTE
r-oldrel-macos-arm64 1.7.9 35.00 OK
r-oldrel-macos-x86_64 1.7.9 48.00 OK
r-oldrel-windows-x86_64 1.7.9 6.00 63.00 69.00 OK

Check Details

Version: 1.7.9
Check: Rd files
Result: NOTE checkRd: (-1) remoteDriver-class.Rd:39-40: Lost braces 39 | browser being used; should be one of {chrome|firefox|htmlunit| | ^ checkRd: (-1) remoteDriver-class.Rd:50: Lost braces; missing escapes or markup? 50 | of {WINDOWS|XP|VISTA|MAC|LINUX|UNIX}. When requesting a new session, | ^ checkRd: (-1) remoteDriver-class.Rd:194-196: Lost braces 194 | element, available schemes: {"class name", "css selector", | ^ checkRd: (-1) webElement-class.Rd:50-52: Lost braces 50 | element, available schemes: {"class name", "css selector", | ^ checkRd: (-1) webElement-class.Rd:67-69: Lost braces 67 | element, available schemes: {"class name", "css selector", | ^ Flavors: r-devel-linux-x86_64-debian-clang, r-devel-linux-x86_64-debian-gcc, r-devel-linux-x86_64-fedora-clang, r-devel-linux-x86_64-fedora-gcc, r-devel-windows-x86_64, r-patched-linux-x86_64, r-release-linux-x86_64, r-release-macos-arm64, r-release-windows-x86_64