Last updated on 2024-04-25 08:00:06 CEST.
Flavor | Version | Tinstall | Tcheck | Ttotal | Status | Flags |
---|---|---|---|---|---|---|
r-devel-linux-x86_64-debian-clang | 1.5 | 2.40 | 29.13 | 31.53 | NOTE | |
r-devel-linux-x86_64-debian-gcc | 1.5 | 1.70 | 22.89 | 24.59 | NOTE | |
r-devel-linux-x86_64-fedora-clang | 1.5 | 41.01 | NOTE | |||
r-devel-linux-x86_64-fedora-gcc | 1.5 | 51.32 | NOTE | |||
r-devel-windows-x86_64 | 1.5 | 3.00 | 50.00 | 53.00 | NOTE | |
r-patched-linux-x86_64 | 1.5 | 2.42 | 28.18 | 30.60 | NOTE | |
r-release-linux-x86_64 | 1.5 | 2.24 | 27.29 | 29.53 | NOTE | |
r-release-macos-arm64 | 1.5 | 23.00 | NOTE | |||
r-release-windows-x86_64 | 1.5 | 3.00 | 50.00 | 53.00 | NOTE | |
r-oldrel-macos-arm64 | 1.5 | 24.00 | NOTE | |||
r-oldrel-macos-x86_64 | 1.5 | 34.00 | NOTE | |||
r-oldrel-windows-x86_64 | 1.5 | 4.00 | 48.00 | 52.00 | NOTE |
Version: 1.5
Check: LazyData
Result: NOTE
'LazyData' is specified without a 'data' directory
Flavors: r-devel-linux-x86_64-debian-clang, r-devel-linux-x86_64-debian-gcc, r-devel-linux-x86_64-fedora-clang, r-devel-linux-x86_64-fedora-gcc, r-devel-windows-x86_64, r-patched-linux-x86_64, r-release-linux-x86_64, r-release-macos-arm64, r-release-windows-x86_64, r-oldrel-macos-arm64, r-oldrel-macos-x86_64, r-oldrel-windows-x86_64