CRAN Package Check Results for Package RStoolbox

Last updated on 2021-04-22 08:48:31 CEST.

Flavor Version Tinstall Tcheck Ttotal Status Flags
r-devel-linux-x86_64-debian-clang 0.2.6 154.79 418.29 573.08 OK
r-devel-linux-x86_64-debian-gcc 0.2.6 100.74 321.20 421.94 OK
r-devel-linux-x86_64-fedora-clang 0.2.6 712.37 NOTE
r-devel-linux-x86_64-fedora-gcc 0.2.6 685.99 OK
r-devel-windows-ix86+x86_64 0.2.6 333.00 800.00 1133.00 OK
r-devel-windows-x86_64-gcc10-UCRT 0.2.6 OK
r-patched-linux-x86_64 0.2.6 116.01 394.87 510.88 WARN
r-patched-solaris-x86 0.2.6 844.00 OK
r-release-linux-x86_64 0.2.6 116.49 397.73 514.22 OK
r-release-macos-x86_64 0.2.6 NOTE
r-release-windows-ix86+x86_64 0.2.6 327.00 800.00 1127.00 OK
r-oldrel-macos-x86_64 0.2.6 OK
r-oldrel-windows-ix86+x86_64 0.2.6 272.00 757.00 1029.00 OK

Check Details

Version: 0.2.6
Check: installed package size
Result: NOTE
     installed size is 5.4Mb
     sub-directories of 1Mb or more:
     libs 3.9Mb
Flavors: r-devel-linux-x86_64-fedora-clang, r-release-macos-x86_64

Version: 0.2.6
Check: whether package can be installed
Result: WARN
    Found the following significant warnings:
     Rd warning: /tmp/Rtmp5Myoyd/R.INSTALL48ca780f1d81/RStoolbox/man/RStoolbox.Rd:10: file link ‘beginCluster’ in package ‘raster’ does not exist and so has been treated as a topic
Flavor: r-patched-linux-x86_64