CRAN Package Check Results for Package RSurveillance

Last updated on 2021-05-09 08:50:31 CEST.

Flavor Version Tinstall Tcheck Ttotal Status Flags
r-devel-linux-x86_64-debian-clang 0.2.1 3.96 40.60 44.56 OK
r-devel-linux-x86_64-debian-gcc 0.2.1 3.07 31.10 34.17 OK
r-devel-linux-x86_64-fedora-clang 0.2.1 63.34 NOTE
r-devel-linux-x86_64-fedora-gcc 0.2.1 53.22 NOTE
r-devel-windows-ix86+x86_64 0.2.1 7.00 57.00 64.00 OK
r-devel-windows-x86_64-gcc10-UCRT 0.2.1 NOTE
r-patched-linux-x86_64 0.2.1 4.97 39.51 44.48 OK
r-patched-solaris-x86 0.2.1 73.50 NOTE
r-release-linux-x86_64 0.2.1 4.10 39.92 44.02 OK
r-release-macos-x86_64 0.2.1 NOTE
r-release-windows-ix86+x86_64 0.2.1 6.00 45.00 51.00 OK
r-oldrel-macos-x86_64 0.2.1 NOTE
r-oldrel-windows-ix86+x86_64 0.2.1 6.00 11.00 17.00 ERROR

Check Details

Version: 0.2.1
Check: dependencies in R code
Result: NOTE
    Namespace in Imports field not imported from: ‘mc2d’
     All declared Imports should be used.
Flavors: r-devel-linux-x86_64-fedora-clang, r-devel-linux-x86_64-fedora-gcc, r-devel-windows-x86_64-gcc10-UCRT, r-patched-solaris-x86, r-release-macos-x86_64, r-oldrel-macos-x86_64

Version: 0.2.1
Check: whether package can be installed
Result: ERROR
    Installation failed.
    See * DONE
Flavor: r-oldrel-windows-ix86+x86_64