Last updated on 2024-04-19 08:54:54 CEST.
Flavor | Version | Tinstall | Tcheck | Ttotal | Status | Flags |
---|---|---|---|---|---|---|
r-devel-linux-x86_64-debian-clang | 0.4.1 | 7.35 | 50.03 | 57.38 | NOTE | |
r-devel-linux-x86_64-debian-gcc | 0.4.1 | NOTE | ||||
r-devel-linux-x86_64-fedora-clang | 0.4.1 | 70.09 | NOTE | |||
r-devel-linux-x86_64-fedora-gcc | 0.4.1 | 83.76 | NOTE | |||
r-prerel-macos-arm64 | 0.4.1 | 34.00 | NOTE | |||
r-prerel-windows-x86_64 | 0.4.1 | 8.00 | 61.00 | 69.00 | NOTE | |
r-patched-linux-x86_64 | 0.4.1 | 5.70 | 47.65 | 53.35 | NOTE | |
r-release-linux-x86_64 | 0.4.1 | 35.08 | 46.80 | 81.88 | NOTE | |
r-release-macos-arm64 | 0.4.1 | 36.00 | NOTE | |||
r-release-macos-x86_64 | 0.4.1 | 48.00 | NOTE | |||
r-release-windows-x86_64 | 0.4.1 | 9.00 | 67.00 | 76.00 | NOTE | |
r-oldrel-macos-arm64 | 0.4.1 | 32.00 | NOTE | |||
r-oldrel-windows-x86_64 | 0.4.1 | 11.00 | 69.00 | 80.00 | NOTE |
Version: 0.4.1
Check: LazyData
Result: NOTE
'LazyData' is specified without a 'data' directory
Flavors: r-devel-linux-x86_64-debian-clang, r-devel-linux-x86_64-debian-gcc, r-devel-linux-x86_64-fedora-clang, r-devel-linux-x86_64-fedora-gcc, r-prerel-macos-arm64, r-prerel-windows-x86_64, r-patched-linux-x86_64, r-release-linux-x86_64, r-release-macos-arm64, r-release-macos-x86_64, r-release-windows-x86_64, r-oldrel-macos-arm64, r-oldrel-windows-x86_64