CRAN Package Check Results for Package RUnit

Last updated on 2021-06-20 08:50:30 CEST.

Flavor Version Tinstall Tcheck Ttotal Status Flags
r-devel-linux-x86_64-debian-clang 0.4.32 4.58 38.04 42.62 NOTE
r-devel-linux-x86_64-debian-gcc 0.4.32 3.27 29.28 32.55 NOTE
r-devel-linux-x86_64-fedora-clang 0.4.32 60.34 NOTE
r-devel-linux-x86_64-fedora-gcc 0.4.32 48.62 NOTE
r-devel-windows-x86_64 0.4.32 6.00 58.00 64.00 OK
r-devel-windows-x86_64-gcc10-UCRT 0.4.32 OK
r-patched-linux-x86_64 0.4.32 4.26 36.26 40.52 NOTE
r-patched-solaris-x86 0.4.32 70.70 NOTE
r-release-linux-x86_64 0.4.32 3.66 36.62 40.28 NOTE
r-release-macos-arm64 0.4.32 OK
r-release-macos-x86_64 0.4.32 OK
r-release-windows-ix86+x86_64 0.4.32 8.00 42.00 50.00 OK
r-oldrel-macos-x86_64 0.4.32 OK
r-oldrel-windows-ix86+x86_64 0.4.32 7.00 41.00 48.00 OK

Check Details

Version: 0.4.32
Check: for non-standard things in the check directory
Result: NOTE
    Found the following files/directories:
     'results'
Flavors: r-devel-linux-x86_64-debian-clang, r-devel-linux-x86_64-debian-gcc, r-devel-linux-x86_64-fedora-clang, r-devel-linux-x86_64-fedora-gcc, r-patched-linux-x86_64, r-patched-solaris-x86, r-release-linux-x86_64