Last updated on 2024-04-19 08:54:54 CEST.
Flavor | Version | Tinstall | Tcheck | Ttotal | Status | Flags |
---|---|---|---|---|---|---|
r-devel-linux-x86_64-debian-clang | 1.1.0 | 4.37 | 79.29 | 83.66 | NOTE | |
r-devel-linux-x86_64-debian-gcc | 1.1.0 | NOTE | ||||
r-devel-linux-x86_64-fedora-clang | 1.1.0 | 107.95 | NOTE | |||
r-devel-linux-x86_64-fedora-gcc | 1.1.0 | 93.30 | NOTE | |||
r-prerel-macos-arm64 | 1.1.0 | 32.00 | NOTE | |||
r-prerel-windows-x86_64 | 1.1.0 | 6.00 | 66.00 | 72.00 | NOTE | |
r-patched-linux-x86_64 | 1.1.0 | 4.27 | 74.31 | 78.58 | NOTE | |
r-release-linux-x86_64 | 1.1.0 | 4.86 | 73.25 | 78.11 | NOTE | |
r-release-macos-arm64 | 1.1.0 | 32.00 | NOTE | |||
r-release-macos-x86_64 | 1.1.0 | 48.00 | NOTE | |||
r-release-windows-x86_64 | 1.1.0 | 7.00 | 72.00 | 79.00 | NOTE | |
r-oldrel-macos-arm64 | 1.1.0 | 27.00 | NOTE | |||
r-oldrel-windows-x86_64 | 1.1.0 | 7.00 | 78.00 | 85.00 | NOTE |
Version: 1.1.0
Check: LazyData
Result: NOTE
'LazyData' is specified without a 'data' directory
Flavors: r-devel-linux-x86_64-debian-clang, r-devel-linux-x86_64-debian-gcc, r-devel-linux-x86_64-fedora-clang, r-devel-linux-x86_64-fedora-gcc, r-prerel-macos-arm64, r-prerel-windows-x86_64, r-patched-linux-x86_64, r-release-linux-x86_64, r-release-macos-arm64, r-release-macos-x86_64, r-release-windows-x86_64, r-oldrel-macos-arm64, r-oldrel-windows-x86_64