Last updated on 2024-04-24 07:57:52 CEST.
Flavor | Version | Tinstall | Tcheck | Ttotal | Status | Flags |
---|---|---|---|---|---|---|
r-devel-linux-x86_64-debian-clang | 0.6.4 | 29.84 | 115.67 | 145.51 | NOTE | |
r-devel-linux-x86_64-debian-gcc | 0.6.4 | 22.83 | 85.30 | 108.13 | NOTE | |
r-devel-linux-x86_64-fedora-clang | 0.6.4 | 199.60 | NOTE | |||
r-devel-linux-x86_64-fedora-gcc | 0.6.4 | 202.93 | NOTE | |||
r-prerel-macos-arm64 | 0.6.4 | 60.00 | NOTE | |||
r-prerel-windows-x86_64 | 0.6.4 | 26.00 | 116.00 | 142.00 | NOTE | |
r-patched-linux-x86_64 | 0.6.4 | 27.10 | 109.46 | 136.56 | NOTE | |
r-release-linux-x86_64 | 0.6.4 | 19.28 | 107.17 | 126.45 | NOTE | |
r-release-macos-arm64 | 0.6.4 | 65.00 | NOTE | |||
r-release-macos-x86_64 | 0.6.4 | 109.00 | NOTE | |||
r-release-windows-x86_64 | 0.6.4 | 32.00 | 148.00 | 180.00 | NOTE | |
r-oldrel-macos-arm64 | 0.6.4 | 51.00 | OK | |||
r-oldrel-windows-x86_64 | 0.6.4 | 32.00 | 142.00 | 174.00 | OK |
Version: 0.6.4
Check: C++ specification
Result: NOTE
Specified C++11: please drop specification unless essential
Flavors: r-devel-linux-x86_64-debian-clang, r-devel-linux-x86_64-debian-gcc, r-devel-linux-x86_64-fedora-clang, r-devel-linux-x86_64-fedora-gcc, r-prerel-macos-arm64, r-prerel-windows-x86_64, r-patched-linux-x86_64, r-release-linux-x86_64, r-release-macos-arm64, r-release-macos-x86_64, r-release-windows-x86_64