CRAN Package Check Results for Package RYandexTranslate

Last updated on 2024-06-16 08:56:01 CEST.

Flavor Version Tinstall Tcheck Ttotal Status Flags
r-devel-linux-x86_64-debian-clang 1.0 3.04 29.60 32.64 NOTE
r-devel-linux-x86_64-debian-gcc 1.0 2.34 22.32 24.66 NOTE
r-devel-linux-x86_64-fedora-clang 1.0 39.90 NOTE
r-devel-linux-x86_64-fedora-gcc 1.0 37.61 NOTE
r-devel-windows-x86_64 1.0 4.00 42.00 46.00 NOTE
r-patched-linux-x86_64 1.0 2.47 28.51 30.98 NOTE
r-release-linux-x86_64 1.0 2.65 28.36 31.01 NOTE
r-release-macos-arm64 1.0 15.00 NOTE
r-release-macos-x86_64 1.0 25.00 NOTE
r-release-windows-x86_64 1.0 3.00 44.00 47.00 NOTE
r-oldrel-macos-arm64 1.0 19.00 NOTE
r-oldrel-macos-x86_64 1.0 21.00 NOTE
r-oldrel-windows-x86_64 1.0 4.00 46.00 50.00 NOTE

Check Details

Version: 1.0
Check: LazyData
Result: NOTE 'LazyData' is specified without a 'data' directory Flavors: r-devel-linux-x86_64-debian-clang, r-devel-linux-x86_64-debian-gcc, r-devel-linux-x86_64-fedora-clang, r-devel-linux-x86_64-fedora-gcc, r-devel-windows-x86_64, r-patched-linux-x86_64, r-release-linux-x86_64, r-release-macos-arm64, r-release-macos-x86_64, r-release-windows-x86_64, r-oldrel-macos-arm64, r-oldrel-macos-x86_64, r-oldrel-windows-x86_64