CRAN Package Check Results for Package RZooRoH

Last updated on 2021-06-17 09:52:00 CEST.

Flavor Version Tinstall Tcheck Ttotal Status Flags
r-devel-linux-x86_64-debian-clang 0.3.1 11.84 87.94 99.78 OK
r-devel-linux-x86_64-debian-gcc 0.3.1 8.70 66.15 74.85 OK
r-devel-linux-x86_64-fedora-clang 0.3.1 124.33 OK
r-devel-linux-x86_64-fedora-gcc 0.3.1 112.85 OK
r-devel-windows-x86_64 0.3.1 19.00 116.00 135.00 OK
r-devel-windows-x86_64-gcc10-UCRT 0.3.1 OK
r-patched-linux-x86_64 0.3.1 10.37 83.96 94.33 OK
r-patched-solaris-x86 0.3.1 137.90 OK
r-release-linux-x86_64 0.3.1 10.19 83.11 93.30 OK
r-release-macos-arm64 0.3.1 OK
r-release-macos-x86_64 0.3.1 OK
r-release-windows-ix86+x86_64 0.3.1 28.00 198.00 226.00 NOTE
r-oldrel-macos-x86_64 0.3.1 OK
r-oldrel-windows-ix86+x86_64 0.3.1 23.00 183.00 206.00 NOTE

Check Details

Version: 0.3.1
Check: installed package size
Result: NOTE
     installed size is 5.0Mb
     sub-directories of 1Mb or more:
     exdata 2.4Mb
Flavors: r-release-windows-ix86+x86_64, r-oldrel-windows-ix86+x86_64