CRAN Package Check Results for Package RadOnc

Last updated on 2021-07-25 08:51:07 CEST.

Flavor Version Tinstall Tcheck Ttotal Status Flags
r-devel-linux-x86_64-debian-clang 1.1.5 18.77 121.13 139.90 OK
r-devel-linux-x86_64-debian-gcc 1.1.5 14.99 91.29 106.28 OK
r-devel-linux-x86_64-fedora-clang 1.1.5 178.16 NOTE
r-devel-linux-x86_64-fedora-gcc 1.1.5 177.42 OK
r-devel-windows-x86_64 1.1.5 17.00 112.00 129.00 NOTE
r-devel-windows-x86_64-gcc10-UCRT 1.1.5 OK
r-patched-linux-x86_64 1.1.5 26.83 123.72 150.55 OK
r-patched-solaris-x86 1.1.5 223.70 NOTE
r-release-linux-x86_64 1.1.5 19.69 120.31 140.00 OK
r-release-macos-arm64 1.1.5 NOTE
r-release-macos-x86_64 1.1.5 NOTE
r-release-windows-ix86+x86_64 1.1.5 29.00 132.00 161.00 NOTE
r-oldrel-macos-x86_64 1.1.5 NOTE
r-oldrel-windows-ix86+x86_64 1.1.5 30.00 150.00 180.00 NOTE

Check Details

Version: 1.1.5
Check: installed package size
Result: NOTE
     installed size is 5.3Mb
     sub-directories of 1Mb or more:
     data 2.3Mb
     extdata 1.4Mb
Flavors: r-devel-linux-x86_64-fedora-clang, r-devel-windows-x86_64, r-patched-solaris-x86, r-release-macos-arm64, r-release-macos-x86_64, r-release-windows-ix86+x86_64, r-oldrel-macos-x86_64, r-oldrel-windows-ix86+x86_64