Last updated on 2024-04-19 08:54:52 CEST.
Flavor | Version | Tinstall | Tcheck | Ttotal | Status | Flags |
---|---|---|---|---|---|---|
r-devel-linux-x86_64-debian-clang | 2.3.0 | 24.75 | 260.91 | 285.66 | OK | |
r-devel-linux-x86_64-debian-gcc | 2.3.0 | OK | ||||
r-devel-linux-x86_64-fedora-clang | 2.3.0 | 358.00 | OK | |||
r-devel-linux-x86_64-fedora-gcc | 2.3.0 | 362.24 | OK | |||
r-prerel-macos-arm64 | 2.3.0 | 102.00 | OK | |||
r-prerel-macos-x86_64 | 2.3.0 | 195.00 | OK | |||
r-prerel-windows-x86_64 | 2.3.0 | 24.00 | 191.00 | 215.00 | OK | |
r-patched-linux-x86_64 | 2.3.0 | 19.52 | 241.33 | 260.85 | OK | |
r-release-linux-x86_64 | 2.3.0 | 19.42 | 253.24 | 272.66 | OK | |
r-release-macos-arm64 | 2.3.0 | 10.00 | ERROR | |||
r-release-macos-x86_64 | 2.3.0 | 7.00 | ERROR | |||
r-release-windows-x86_64 | 2.3.0 | 35.00 | 224.00 | 259.00 | OK | |
r-oldrel-macos-arm64 | 2.2.0 | 89.00 | OK | |||
r-oldrel-windows-x86_64 | 2.2.0 | 34.00 | 236.00 | 270.00 | OK |
Version: 2.3.0
Check: package dependencies
Result: ERROR
Packages required and available but unsuitable versions:
'GenomicRanges', 'IRanges'
See section ‘The DESCRIPTION file’ in the ‘Writing R Extensions’
manual.
Flavors: r-release-macos-arm64, r-release-macos-x86_64