CRAN Package Check Results for Package Rarefy

Last updated on 2021-06-21 08:50:00 CEST.

Flavor Version Tinstall Tcheck Ttotal Status Flags
r-devel-linux-x86_64-debian-clang 1.1 29.39 587.93 617.32 OK
r-devel-linux-x86_64-debian-gcc 1.1 24.09 408.37 432.46 OK
r-devel-linux-x86_64-fedora-clang 1.1 705.96 OK
r-devel-linux-x86_64-fedora-gcc 1.1 698.83 OK
r-devel-windows-x86_64 1.1 43.00 625.00 668.00 OK
r-devel-windows-x86_64-gcc10-UCRT 1.1 ERROR
r-patched-linux-x86_64 1.1 35.08 522.99 558.07 OK
r-patched-solaris-x86 1.1 1052.50 OK
r-release-linux-x86_64 1.1 28.86 539.28 568.14 OK
r-release-macos-arm64 1.1 OK
r-release-macos-x86_64 1.1 OK
r-release-windows-ix86+x86_64 1.1 65.00 629.00 694.00 OK
r-oldrel-macos-x86_64 1.1 OK

Check Details

Version: 1.1
Check: package dependencies
Result: ERROR
    Package required but not available: 'adiv'
    
    Package suggested but not available for checking: 'kableExtra'
    
    See section 'The DESCRIPTION file' in the 'Writing R Extensions'
    manual.
Flavor: r-devel-windows-x86_64-gcc10-UCRT