Last updated on 2024-05-07 08:55:16 CEST.
Flavor | Version | Tinstall | Tcheck | Ttotal | Status | Flags |
---|---|---|---|---|---|---|
r-devel-linux-x86_64-debian-clang | 1.3-8 | 4.59 | 32.98 | 37.57 | OK | |
r-devel-linux-x86_64-debian-gcc | 1.3-8 | 4.40 | 25.86 | 30.26 | OK | |
r-devel-linux-x86_64-fedora-clang | 1.3-8 | 49.88 | NOTE | |||
r-devel-linux-x86_64-fedora-gcc | 1.3-8 | 70.04 | OK | |||
r-devel-windows-x86_64 | 1.3-8 | 5.00 | 48.00 | 53.00 | OK | |
r-patched-linux-x86_64 | 1.3-8 | 4.99 | 32.61 | 37.60 | OK | |
r-release-linux-x86_64 | 1.3-8 | 4.89 | 32.16 | 37.05 | OK | |
r-release-macos-arm64 | 1.3-8 | 18.00 | OK | |||
r-release-windows-x86_64 | 1.3-8 | 6.00 | 47.00 | 53.00 | OK | |
r-oldrel-macos-arm64 | 1.3-8 | 21.00 | OK | |||
r-oldrel-macos-x86_64 | 1.3-8 | 38.00 | OK | |||
r-oldrel-windows-x86_64 | 1.3-8 | 6.00 | 49.00 | 55.00 | OK |
Version: 1.3-8
Check: Rd cross-references
Result: NOTE
Undeclared package ‘arm’ in Rd xrefs
Flavor: r-devel-linux-x86_64-fedora-clang