CRAN Package Check Results for Package Rcmdr

Last updated on 2021-06-18 08:50:22 CEST.

Flavor Version Tinstall Tcheck Ttotal Status Flags
r-devel-linux-x86_64-debian-clang 2.7-1 50.68 255.94 306.62 OK
r-devel-linux-x86_64-debian-gcc 2.7-1 38.12 186.48 224.60 OK
r-devel-linux-x86_64-fedora-clang 2.7-1 377.92 NOTE
r-devel-linux-x86_64-fedora-gcc 2.7-1 363.24 OK
r-devel-windows-x86_64 2.7-1 58.00 251.00 309.00 NOTE
r-devel-windows-x86_64-gcc10-UCRT 2.7-1 OK
r-patched-linux-x86_64 2.7-1 50.31 243.34 293.65 OK
r-patched-solaris-x86 2.7-1 464.10 NOTE
r-release-linux-x86_64 2.7-1 46.76 241.43 288.19 OK
r-release-macos-arm64 2.7-1 NOTE
r-release-macos-x86_64 2.7-1 NOTE
r-release-windows-ix86+x86_64 2.7-1 70.00 246.00 316.00 NOTE
r-oldrel-macos-x86_64 2.7-1 NOTE
r-oldrel-windows-ix86+x86_64 2.7-1 50.00 250.00 300.00 NOTE

Check Details

Version: 2.7-1
Check: installed package size
Result: NOTE
     installed size is 6.5Mb
     sub-directories of 1Mb or more:
     R 1.2Mb
     doc 2.3Mb
     po 2.4Mb
Flavors: r-devel-linux-x86_64-fedora-clang, r-devel-windows-x86_64, r-patched-solaris-x86, r-release-macos-arm64, r-release-macos-x86_64, r-release-windows-ix86+x86_64, r-oldrel-macos-x86_64, r-oldrel-windows-ix86+x86_64