Last updated on 2024-03-12 07:50:04 CET.
Flavor | Version | Tinstall | Tcheck | Ttotal | Status | Flags |
---|---|---|---|---|---|---|
r-devel-linux-x86_64-debian-clang | 1.1.3.1 | 63.54 | 513.03 | 576.57 | NOTE | |
r-devel-linux-x86_64-debian-gcc | 1.1.3.1 | 49.17 | 380.74 | 429.91 | NOTE | |
r-devel-linux-x86_64-fedora-clang | 1.1.3.1 | 751.47 | NOTE | |||
r-devel-linux-x86_64-fedora-gcc | 1.1.3.1 | 725.03 | NOTE | |||
r-devel-windows-x86_64 | 1.1.3.1 | 53.00 | 393.00 | 446.00 | NOTE | |
r-patched-linux-x86_64 | 1.1.3.1 | 56.05 | 459.93 | 515.98 | NOTE | |
r-release-linux-x86_64 | 1.1.3.1 | 48.98 | 450.71 | 499.69 | NOTE | |
r-release-macos-arm64 | 1.1.3.1 | 139.00 | NOTE | |||
r-release-macos-x86_64 | 1.1.3.1 | 271.00 | NOTE | |||
r-release-windows-x86_64 | 1.1.3.1 | 60.00 | 405.00 | 465.00 | NOTE | |
r-oldrel-macos-arm64 | 1.1.3.1 | 212.00 | NOTE | |||
r-oldrel-windows-x86_64 | 1.1.3.1 | 59.00 | 344.00 | 403.00 | NOTE |
Version: 1.1.3.1
Check: package dependencies
Result: NOTE
Depends: includes the non-default packages:
'biclust', 'fabia', 'iBBiG', 'superbiclust', 'BcDiag', 'BicARE',
's4vd', 'BiBitR'
Adding so many packages to the search path is excessive and importing
selectively is preferable.
Flavors: r-devel-linux-x86_64-debian-clang, r-devel-linux-x86_64-debian-gcc, r-devel-linux-x86_64-fedora-clang, r-devel-linux-x86_64-fedora-gcc, r-devel-windows-x86_64, r-patched-linux-x86_64, r-release-linux-x86_64, r-release-windows-x86_64, r-oldrel-windows-x86_64
Version: 1.1.3.1
Check: package dependencies
Result: NOTE
Package suggested but not available for checking: ‘rqubic’
Depends: includes the non-default packages:
'biclust', 'fabia', 'iBBiG', 'superbiclust', 'BcDiag', 'BicARE',
's4vd', 'BiBitR'
Adding so many packages to the search path is excessive and importing
selectively is preferable.
Flavors: r-release-macos-arm64, r-release-macos-x86_64, r-oldrel-macos-arm64