CRAN Package Check Results for Package RcmdrPlugin.DCCV

Last updated on 2021-07-29 09:53:38 CEST.

Flavor Version Tinstall Tcheck Ttotal Status Flags
r-devel-linux-x86_64-debian-clang 0.1-1 OK
r-devel-linux-x86_64-debian-gcc 0.1-1 12.99 91.36 104.35 OK
r-devel-linux-x86_64-fedora-clang 0.1-1 176.90 OK
r-devel-linux-x86_64-fedora-gcc 0.1-1 163.23 OK
r-devel-windows-x86_64 0.1-1 41.00 146.00 187.00 OK
r-devel-windows-x86_64-gcc10-UCRT 0.1-1 OK
r-patched-linux-x86_64 0.1-1 15.28 112.35 127.63 OK
r-patched-solaris-x86 0.1-1 255.20 OK
r-release-linux-x86_64 0.1-1 15.30 115.09 130.39 OK
r-release-macos-arm64 0.1-1 ERROR
r-release-macos-x86_64 0.1-1 OK
r-release-windows-ix86+x86_64 0.1-1 38.00 104.00 142.00 OK
r-oldrel-macos-x86_64 0.1-1 OK
r-oldrel-windows-ix86+x86_64 0.1-1 38.00 145.00 183.00 OK

Check Details

Version: 0.1-1
Check: package dependencies
Result: ERROR
    Package required but not available: ‘DCchoice’
    
    See section ‘The DESCRIPTION file’ in the ‘Writing R Extensions’
    manual.
Flavor: r-release-macos-arm64