CRAN Package Check Results for Package RcmdrPlugin.HH

Last updated on 2021-07-29 09:53:38 CEST.

Flavor Version Tinstall Tcheck Ttotal Status Flags
r-devel-linux-x86_64-debian-clang 1.1-47 OK
r-devel-linux-x86_64-debian-gcc 1.1-47 20.26 123.05 143.31 OK
r-devel-linux-x86_64-fedora-clang 1.1-47 237.72 NOTE
r-devel-linux-x86_64-fedora-gcc 1.1-47 226.67 OK
r-devel-windows-x86_64 1.1-47 48.00 191.00 239.00 OK
r-devel-windows-x86_64-gcc10-UCRT 1.1-47 OK
r-patched-linux-x86_64 1.1-47 23.25 154.64 177.89 OK
r-patched-solaris-x86 1.1-47 344.10 OK
r-release-linux-x86_64 1.1-47 22.29 155.57 177.86 OK
r-release-macos-arm64 1.1-47 OK
r-release-macos-x86_64 1.1-47 OK
r-release-windows-ix86+x86_64 1.1-47 51.00 136.00 187.00 OK
r-oldrel-macos-x86_64 1.1-47 OK
r-oldrel-windows-ix86+x86_64 1.1-47 51.00 194.00 245.00 OK

Check Details

Version: 1.1-47
Check: Rd cross-references
Result: NOTE
    Undeclared packages ‘car’, ‘leaps’, ‘latticeExtra’, ‘rgl’ in Rd xrefs
Flavor: r-devel-linux-x86_64-fedora-clang