Last updated on 2024-03-12 07:50:04 CET.
Flavor | Version | Tinstall | Tcheck | Ttotal | Status | Flags |
---|---|---|---|---|---|---|
r-devel-linux-x86_64-debian-clang | 1.1.4 | 25.68 | 172.66 | 198.34 | NOTE | |
r-devel-linux-x86_64-debian-gcc | 1.1.4 | 20.42 | 130.57 | 150.99 | NOTE | |
r-devel-linux-x86_64-fedora-clang | 1.1.4 | 258.28 | NOTE | |||
r-devel-linux-x86_64-fedora-gcc | 1.1.4 | 251.53 | NOTE | |||
r-devel-windows-x86_64 | 1.1.4 | 25.00 | 199.00 | 224.00 | NOTE | |
r-patched-linux-x86_64 | 1.1.4 | 13.54 | 146.21 | 159.75 | NOTE | |
r-release-linux-x86_64 | 1.1.4 | 17.43 | 146.47 | 163.90 | NOTE | |
r-release-macos-arm64 | 1.1.4 | 69.00 | NOTE | |||
r-release-macos-x86_64 | 1.1.4 | 113.00 | NOTE | |||
r-release-windows-x86_64 | 1.1.4 | 22.00 | 167.00 | 189.00 | NOTE | |
r-oldrel-macos-arm64 | 1.1.4 | 100.00 | NOTE | |||
r-oldrel-windows-x86_64 | 1.1.4 | 23.00 | 155.00 | 178.00 | NOTE |
Version: 1.1.4
Check: LazyData
Result: NOTE
'LazyData' is specified without a 'data' directory
Flavors: r-devel-linux-x86_64-debian-clang, r-devel-linux-x86_64-debian-gcc, r-devel-linux-x86_64-fedora-clang, r-devel-linux-x86_64-fedora-gcc, r-devel-windows-x86_64, r-patched-linux-x86_64, r-release-linux-x86_64, r-release-macos-arm64, r-release-macos-x86_64, r-release-windows-x86_64, r-oldrel-macos-arm64, r-oldrel-windows-x86_64