CRAN Package Check Results for Package RcmdrPlugin.RMTCJags

Last updated on 2021-07-25 08:51:08 CEST.

Flavor Version Tinstall Tcheck Ttotal Status Flags
r-devel-linux-x86_64-debian-clang 1.0-2 17.18 123.49 140.67 OK
r-devel-linux-x86_64-debian-gcc 1.0-2 13.86 95.36 109.22 OK
r-devel-linux-x86_64-fedora-clang 1.0-2 181.23 OK
r-devel-linux-x86_64-fedora-gcc 1.0-2 171.65 OK
r-devel-windows-x86_64 1.0-2 16.00 104.00 120.00 OK
r-devel-windows-x86_64-gcc10-UCRT 1.0-2 OK
r-patched-linux-x86_64 1.0-2 15.54 115.61 131.15 OK
r-patched-solaris-x86 1.0-2 306.50 OK
r-release-linux-x86_64 1.0-2 15.83 117.03 132.86 OK
r-release-macos-arm64 1.0-2 ERROR
r-release-macos-x86_64 1.0-2 OK
r-release-windows-ix86+x86_64 1.0-2 36.00 118.00 154.00 OK
r-oldrel-macos-x86_64 1.0-2 OK
r-oldrel-windows-ix86+x86_64 1.0-2 36.00 136.00 172.00 OK

Check Details

Version: 1.0-2
Check: package dependencies
Result: ERROR
    Packages required but not available: 'runjags', 'rjags'
    
    See section ‘The DESCRIPTION file’ in the ‘Writing R Extensions’
    manual.
Flavor: r-release-macos-arm64