CRAN Package Check Results for Package RcmdrPlugin.ROC

Last updated on 2021-07-29 09:53:38 CEST.

Flavor Version Tinstall Tcheck Ttotal Status Flags
r-devel-linux-x86_64-debian-clang 1.0-18 NOTE
r-devel-linux-x86_64-debian-gcc 1.0-18 17.52 107.94 125.46 NOTE
r-devel-linux-x86_64-fedora-clang 1.0-18 210.47 NOTE
r-devel-linux-x86_64-fedora-gcc 1.0-18 198.55 NOTE
r-devel-windows-x86_64 1.0-18 34.00 173.00 207.00 NOTE
r-devel-windows-x86_64-gcc10-UCRT 1.0-18 NOTE
r-patched-linux-x86_64 1.0-18 19.84 135.16 155.00 NOTE
r-patched-solaris-x86 1.0-18 302.80 NOTE
r-release-linux-x86_64 1.0-18 21.15 136.96 158.11 NOTE
r-release-macos-arm64 1.0-18 NOTE
r-release-macos-x86_64 1.0-18 NOTE
r-release-windows-ix86+x86_64 1.0-18 44.00 122.00 166.00 NOTE
r-oldrel-macos-x86_64 1.0-18 NOTE
r-oldrel-windows-ix86+x86_64 1.0-18 45.00 169.00 214.00 NOTE

Check Details

Version: 1.0-18
Check: R code for possible problems
Result: NOTE
    fncLRpROC: no visible global function definition for 'palette'
    fncLRpROC : onOK : convert: no visible global function definition for
     'col2rgb'
    fncLRpROC : onOK : convert: no visible global function definition for
     'rgb'
    fncPairedpROC: no visible global function definition for 'palette'
    fncPairedpROC : onOK : convert: no visible global function definition
     for 'col2rgb'
    fncPairedpROC : onOK : convert: no visible global function definition
     for 'rgb'
    fncUnpairedpROC: no visible global function definition for 'palette'
    fncUnpairedpROC : onOK : convert: no visible global function definition
     for 'col2rgb'
    fncUnpairedpROC : onOK : convert: no visible global function definition
     for 'rgb'
    fncvpROC: no visible global function definition for 'palette'
    fncvpROC : onOK : convert: no visible global function definition for
     'col2rgb'
    fncvpROC : onOK : convert: no visible global function definition for
     'rgb'
    Undefined global functions or variables:
     col2rgb palette rgb
    Consider adding
     importFrom("grDevices", "col2rgb", "palette", "rgb")
    to your NAMESPACE file.
Flavors: r-devel-linux-x86_64-debian-clang, r-devel-linux-x86_64-debian-gcc, r-devel-linux-x86_64-fedora-clang, r-devel-linux-x86_64-fedora-gcc, r-devel-windows-x86_64, r-devel-windows-x86_64-gcc10-UCRT, r-patched-linux-x86_64, r-patched-solaris-x86, r-release-linux-x86_64, r-release-macos-arm64, r-release-macos-x86_64, r-release-windows-ix86+x86_64, r-oldrel-macos-x86_64, r-oldrel-windows-ix86+x86_64