CRAN Package Check Results for Package RcmdrPlugin.TeachStat

Last updated on 2021-07-26 09:54:18 CEST.

Flavor Version Tinstall Tcheck Ttotal Status Flags
r-devel-linux-x86_64-debian-clang 1.1.0 31.53 181.44 212.97 OK
r-devel-linux-x86_64-debian-gcc 1.1.0 24.81 138.21 163.02 OK
r-devel-linux-x86_64-fedora-clang 1.1.0 275.55 NOTE
r-devel-linux-x86_64-fedora-gcc 1.1.0 264.81 OK
r-devel-windows-x86_64 1.1.0 40.00 189.00 229.00 OK
r-devel-windows-x86_64-gcc10-UCRT 1.1.0 OK
r-patched-linux-x86_64 1.1.0 39.76 175.31 215.07 OK
r-patched-solaris-x86 1.1.0 352.00 OK
r-release-linux-x86_64 1.1.0 30.98 174.98 205.96 OK
r-release-macos-arm64 1.1.0 OK
r-release-macos-x86_64 1.1.0 OK
r-release-windows-ix86+x86_64 1.1.0 54.00 161.00 215.00 OK
r-oldrel-macos-x86_64 1.1.0 OK
r-oldrel-windows-ix86+x86_64 1.1.0 54.00 200.00 254.00 OK

Check Details

Version: 1.1.0
Check: Rd cross-references
Result: NOTE
    Undeclared packages ‘e1071’, ‘RcmdrMisc’ in Rd xrefs
Flavor: r-devel-linux-x86_64-fedora-clang