CRAN Package Check Results for Package RcmdrPlugin.plotByGroup

Last updated on 2021-07-29 09:53:38 CEST.

Flavor Version Tinstall Tcheck Ttotal Status Flags
r-devel-linux-x86_64-debian-clang 0.1-0 NOTE
r-devel-linux-x86_64-debian-gcc 0.1-0 11.81 90.97 102.78 NOTE
r-devel-linux-x86_64-fedora-clang 0.1-0 173.16 NOTE
r-devel-linux-x86_64-fedora-gcc 0.1-0 160.47 NOTE
r-devel-windows-x86_64 0.1-0 28.00 146.00 174.00 NOTE
r-devel-windows-x86_64-gcc10-UCRT 0.1-0 NOTE
r-patched-linux-x86_64 0.1-0 19.62 112.88 132.50 NOTE
r-patched-solaris-x86 0.1-0 245.20 NOTE
r-release-linux-x86_64 0.1-0 13.66 113.90 127.56 NOTE
r-release-macos-arm64 0.1-0 NOTE
r-release-macos-x86_64 0.1-0 NOTE
r-release-windows-ix86+x86_64 0.1-0 52.00 104.00 156.00 NOTE
r-oldrel-macos-x86_64 0.1-0 NOTE
r-oldrel-windows-ix86+x86_64 0.1-0 37.00 147.00 184.00 NOTE

Check Details

Version: 0.1-0
Check: DESCRIPTION meta-information
Result: NOTE
    Malformed Description field: should contain one or more complete sentences.
Flavors: r-devel-linux-x86_64-debian-clang, r-devel-linux-x86_64-debian-gcc, r-devel-linux-x86_64-fedora-clang, r-devel-linux-x86_64-fedora-gcc, r-devel-windows-x86_64, r-devel-windows-x86_64-gcc10-UCRT, r-patched-linux-x86_64, r-patched-solaris-x86, r-release-linux-x86_64, r-release-macos-arm64, r-release-macos-x86_64, r-release-windows-ix86+x86_64, r-oldrel-macos-x86_64, r-oldrel-windows-ix86+x86_64

Version: 0.1-0
Check: R code for possible problems
Result: NOTE
    BOXWP: no visible binding for global variable 'top'
    BOXWP: no visible binding for global variable 'buttonsFrame'
    HIST: no visible binding for global variable 'top'
    HIST: no visible binding for global variable 'buttonsFrame'
    QQN: no visible binding for global variable 'top'
    QQN: no visible binding for global variable 'buttonsFrame'
    Undefined global functions or variables:
     buttonsFrame top
Flavors: r-devel-linux-x86_64-debian-clang, r-devel-linux-x86_64-debian-gcc, r-devel-linux-x86_64-fedora-clang, r-devel-linux-x86_64-fedora-gcc, r-devel-windows-x86_64, r-devel-windows-x86_64-gcc10-UCRT, r-patched-linux-x86_64, r-patched-solaris-x86, r-release-linux-x86_64, r-release-macos-arm64, r-release-macos-x86_64, r-release-windows-ix86+x86_64, r-oldrel-macos-x86_64, r-oldrel-windows-ix86+x86_64