CRAN Package Check Results for Package RcmdrPlugin.steepness

Last updated on 2021-07-29 09:53:38 CEST.

Flavor Version Tinstall Tcheck Ttotal Status Flags
r-devel-linux-x86_64-debian-clang 0.3-2 NOTE
r-devel-linux-x86_64-debian-gcc 0.3-2 12.01 95.86 107.87 NOTE
r-devel-linux-x86_64-fedora-clang 0.3-2 180.93 NOTE
r-devel-linux-x86_64-fedora-gcc 0.3-2 236.99 NOTE
r-devel-windows-x86_64 0.3-2 29.00 151.00 180.00 NOTE
r-devel-windows-x86_64-gcc10-UCRT 0.3-2 NOTE
r-patched-linux-x86_64 0.3-2 14.84 119.58 134.42 NOTE
r-patched-solaris-x86 0.3-2 256.70 NOTE
r-release-linux-x86_64 0.3-2 14.48 120.84 135.32 NOTE
r-release-macos-arm64 0.3-2 NOTE
r-release-macos-x86_64 0.3-2 NOTE
r-release-windows-ix86+x86_64 0.3-2 38.00 114.00 152.00 NOTE
r-oldrel-macos-x86_64 0.3-2 NOTE
r-oldrel-windows-ix86+x86_64 0.3-2 38.00 153.00 191.00 NOTE

Check Details

Version: 0.3-2
Check: R code for possible problems
Result: NOTE
    Rcmdr.steeptestDij : onOK: no visible binding for global variable
     'replications'
    Rcmdr.steeptestPij : onOK: no visible binding for global variable
     'replications'
    Undefined global functions or variables:
     replications
    Consider adding
     importFrom("stats", "replications")
    to your NAMESPACE file.
Flavors: r-devel-linux-x86_64-debian-clang, r-devel-linux-x86_64-debian-gcc, r-devel-linux-x86_64-fedora-clang, r-devel-linux-x86_64-fedora-gcc, r-devel-windows-x86_64, r-devel-windows-x86_64-gcc10-UCRT, r-patched-linux-x86_64, r-patched-solaris-x86, r-release-linux-x86_64, r-release-macos-arm64, r-release-macos-x86_64, r-release-windows-ix86+x86_64, r-oldrel-macos-x86_64, r-oldrel-windows-ix86+x86_64