CRAN Package Check Results for Package RcmdrPlugin.temis

Last updated on 2021-08-01 08:52:48 CEST.

Flavor Version Tinstall Tcheck Ttotal Status Flags
r-devel-linux-x86_64-debian-clang 0.7.10 28.09 171.46 199.55 NOTE
r-devel-linux-x86_64-debian-gcc 0.7.10 22.53 127.82 150.35 NOTE
r-devel-linux-x86_64-fedora-clang 0.7.10 254.06 NOTE
r-devel-linux-x86_64-fedora-gcc 0.7.10 244.20 NOTE
r-devel-windows-x86_64 0.7.10 48.00 176.00 224.00 NOTE
r-devel-windows-x86_64-gcc10-UCRT 0.7.10 NOTE
r-patched-linux-x86_64 0.7.10 NOTE
r-patched-solaris-x86 0.7.10 346.80 NOTE
r-release-linux-x86_64 0.7.10 25.85 163.54 189.39 NOTE
r-release-macos-arm64 0.7.10 NOTE
r-release-macos-x86_64 0.7.10 NOTE
r-release-windows-ix86+x86_64 0.7.10 48.00 168.00 216.00 NOTE
r-oldrel-macos-x86_64 0.7.10 NOTE
r-oldrel-windows-ix86+x86_64 0.7.10 48.00 176.00 224.00 NOTE

Check Details

Version: 0.7.10
Check: package dependencies
Result: NOTE
    Package suggested but not available for checking: 'ROpenOffice'
Flavors: r-devel-linux-x86_64-debian-clang, r-devel-linux-x86_64-debian-gcc, r-devel-linux-x86_64-fedora-clang, r-devel-linux-x86_64-fedora-gcc, r-devel-windows-x86_64, r-devel-windows-x86_64-gcc10-UCRT, r-patched-linux-x86_64, r-patched-solaris-x86, r-release-linux-x86_64, r-release-macos-x86_64, r-release-windows-ix86+x86_64, r-oldrel-macos-x86_64, r-oldrel-windows-ix86+x86_64

Version: 0.7.10
Check: package dependencies
Result: NOTE
    Packages suggested but not available for checking: 'ROpenOffice', 'RODBC'
Flavor: r-release-macos-arm64