Last updated on 2024-08-31 08:48:20 CEST.
Flavor | Version | Tinstall | Tcheck | Ttotal | Status | Flags |
---|---|---|---|---|---|---|
r-devel-linux-x86_64-debian-clang | 0.3-6 | 2.21 | 21.73 | 23.94 | OK | --install=fake --no-examples --no-tests --no-vignettes |
r-devel-linux-x86_64-debian-gcc | 0.3-6 | 1.51 | 17.11 | 18.62 | OK | --install=fake --no-examples --no-tests --no-vignettes |
r-patched-linux-x86_64 | 0.3-6 | 1.83 | 21.02 | 22.85 | OK | --install=fake --no-examples --no-tests --no-vignettes |
r-release-linux-x86_64 | 0.3-6 | 2.04 | 20.88 | 22.92 | OK | --install=fake --no-examples --no-tests --no-vignettes |
r-release-macos-arm64 | 0.3-6 | 7.00 | ERROR | |||
r-release-macos-x86_64 | 0.3-6 | 10.00 | ERROR | |||
r-release-windows-x86_64 | 0.3-6 | 10.00 | 6.00 | 16.00 | ERROR | |
r-oldrel-macos-arm64 | 0.3-6 | 11.00 | ERROR | |||
r-oldrel-macos-x86_64 | 0.3-6 | 19.00 | ERROR | |||
r-oldrel-windows-x86_64 | 0.3-5 | 3.00 | 7.00 | 10.00 | ERROR |
Version: 0.3-6
Check: whether package can be installed
Result: ERROR
Installation failed.
Flavors: r-release-macos-arm64, r-release-macos-x86_64, r-release-windows-x86_64, r-oldrel-macos-arm64, r-oldrel-macos-x86_64
Version: 0.3-5
Check: whether package can be installed
Result: ERROR
Installation failed.
Flavor: r-oldrel-windows-x86_64