Last updated on 2024-04-19 08:54:52 CEST.
Flavor | Version | Tinstall | Tcheck | Ttotal | Status | Flags |
---|---|---|---|---|---|---|
r-devel-linux-x86_64-debian-clang | 0.3.4.0.0 | 78.47 | 48.13 | 126.60 | OK | |
r-devel-linux-x86_64-debian-gcc | 0.3.4.0.0 | OK | ||||
r-devel-linux-x86_64-fedora-clang | 0.3.4.0.0 | 169.43 | NOTE | |||
r-devel-linux-x86_64-fedora-gcc | 0.3.4.0.0 | 204.03 | OK | |||
r-prerel-macos-arm64 | 0.3.4.0.0 | 89.00 | NOTE | |||
r-prerel-macos-x86_64 | 0.3.4.0.0 | 307.00 | NOTE | |||
r-prerel-windows-x86_64 | 0.3.4.0.0 | 68.00 | 198.00 | 266.00 | NOTE | |
r-patched-linux-x86_64 | 0.3.4.0.0 | 91.84 | 50.83 | 142.67 | OK | |
r-release-linux-x86_64 | 0.3.4.0.0 | 87.85 | 49.68 | 137.53 | OK | |
r-release-macos-arm64 | 0.3.4.0.0 | 106.00 | NOTE | |||
r-release-macos-x86_64 | 0.3.4.0.0 | 307.00 | NOTE | |||
r-release-windows-x86_64 | 0.3.4.0.0 | 81.00 | 233.00 | 314.00 | NOTE | |
r-oldrel-macos-arm64 | 0.3.4.0.0 | 97.00 | NOTE | |||
r-oldrel-windows-x86_64 | 0.3.4.0.0 | 80.00 | 223.00 | 303.00 | NOTE |
Version: 0.3.4.0.0
Check: installed package size
Result: NOTE
installed size is 10.8Mb
sub-directories of 1Mb or more:
include 9.8Mb
Flavors: r-devel-linux-x86_64-fedora-clang, r-prerel-macos-arm64, r-prerel-macos-x86_64, r-prerel-windows-x86_64, r-release-macos-arm64, r-release-macos-x86_64, r-release-windows-x86_64, r-oldrel-macos-arm64, r-oldrel-windows-x86_64