CRAN Package Check Results for Package RcppGreedySetCover

Last updated on 2021-06-21 08:50:02 CEST.

Flavor Version Tinstall Tcheck Ttotal Status Flags
r-devel-linux-x86_64-debian-clang 0.1.0 21.11 30.23 51.34 NOTE
r-devel-linux-x86_64-debian-gcc 0.1.0 14.22 23.54 37.76 NOTE
r-devel-linux-x86_64-fedora-clang 0.1.0 77.14 NOTE
r-devel-linux-x86_64-fedora-gcc 0.1.0 61.63 NOTE
r-devel-windows-x86_64 0.1.0 28.00 56.00 84.00 NOTE
r-devel-windows-x86_64-gcc10-UCRT 0.1.0 NOTE
r-patched-linux-x86_64 0.1.0 17.67 28.85 46.52 NOTE
r-patched-solaris-x86 0.1.0 77.40 NOTE
r-release-linux-x86_64 0.1.0 18.56 29.08 47.64 NOTE
r-release-macos-arm64 0.1.0 NOTE
r-release-macos-x86_64 0.1.0 NOTE
r-release-windows-ix86+x86_64 0.1.0 54.00 80.00 134.00 NOTE
r-oldrel-macos-x86_64 0.1.0 OK
r-oldrel-windows-ix86+x86_64 0.1.0 37.00 0.00 37.00 OK

Check Details

Version: 0.1.0
Check: LazyData
Result: NOTE
     'LazyData' is specified without a 'data' directory
Flavors: r-devel-linux-x86_64-debian-clang, r-devel-linux-x86_64-debian-gcc, r-devel-linux-x86_64-fedora-clang, r-devel-linux-x86_64-fedora-gcc, r-devel-windows-x86_64, r-devel-windows-x86_64-gcc10-UCRT, r-patched-linux-x86_64, r-patched-solaris-x86, r-release-linux-x86_64, r-release-macos-arm64, r-release-macos-x86_64, r-release-windows-ix86+x86_64