Last updated on 2024-04-23 08:58:13 CEST.
Flavor | Version | Tinstall | Tcheck | Ttotal | Status | Flags |
---|---|---|---|---|---|---|
r-devel-linux-x86_64-debian-clang | 7.1.6 | 20.45 | 54.76 | 75.21 | NOTE | |
r-devel-linux-x86_64-debian-gcc | 7.1.6 | 16.23 | 38.17 | 54.40 | NOTE | |
r-devel-linux-x86_64-fedora-clang | 7.1.6 | 105.12 | NOTE | |||
r-devel-linux-x86_64-fedora-gcc | 7.1.6 | 99.58 | NOTE | |||
r-prerel-macos-arm64 | 7.1.6 | 22.00 | NOTE | |||
r-prerel-windows-x86_64 | 7.1.6 | 22.00 | 77.00 | 99.00 | NOTE | |
r-patched-linux-x86_64 | 7.1.6 | 20.03 | 51.81 | 71.84 | NOTE | |
r-release-linux-x86_64 | 7.1.6 | 20.64 | 51.88 | 72.52 | NOTE | |
r-release-macos-arm64 | 7.1.6 | 25.00 | NOTE | |||
r-release-macos-x86_64 | 7.1.6 | 50.00 | NOTE | |||
r-release-windows-x86_64 | 7.1.6 | 20.00 | 99.00 | 119.00 | NOTE | |
r-oldrel-macos-arm64 | 7.1.6 | 25.00 | OK | |||
r-oldrel-windows-x86_64 | 7.1.6 | 24.00 | 76.00 | 100.00 | OK |
Version: 7.1.6
Check: C++ specification
Result: NOTE
Specified C++14: please drop specification unless essential
Flavors: r-devel-linux-x86_64-debian-clang, r-devel-linux-x86_64-debian-gcc, r-devel-linux-x86_64-fedora-clang, r-devel-linux-x86_64-fedora-gcc, r-prerel-macos-arm64, r-prerel-windows-x86_64, r-patched-linux-x86_64, r-release-linux-x86_64, r-release-macos-arm64, r-release-macos-x86_64, r-release-windows-x86_64