Last updated on 2023-03-30 08:53:48 CEST.
Flavor | Version | Tinstall | Tcheck | Ttotal | Status | Flags |
---|---|---|---|---|---|---|
r-devel-linux-x86_64-debian-clang | 7.1.6 | 17.46 | 51.54 | 69.00 | NOTE | |
r-devel-linux-x86_64-debian-gcc | 7.1.6 | 14.79 | 37.27 | 52.06 | NOTE | |
r-devel-linux-x86_64-fedora-clang | 7.1.6 | 103.07 | NOTE | |||
r-devel-linux-x86_64-fedora-gcc | 7.1.6 | 89.27 | NOTE | |||
r-devel-windows-x86_64 | 7.1.6 | 116.00 | 0.00 | 116.00 | NOTE | |
r-patched-linux-x86_64 | 7.1.6 | 14.26 | 45.18 | 59.44 | NOTE | |
r-release-linux-x86_64 | 7.1.6 | 15.13 | 47.75 | 62.88 | OK | |
r-release-macos-arm64 | 7.1.6 | 23.00 | OK | |||
r-release-macos-x86_64 | 7.1.6 | 40.00 | OK | |||
r-release-windows-x86_64 | 7.1.6 | 94.00 | 96.00 | 190.00 | OK | |
r-oldrel-macos-arm64 | 7.1.6 | 28.00 | OK | |||
r-oldrel-macos-x86_64 | 7.1.6 | 48.00 | OK | |||
r-oldrel-windows-ix86+x86_64 | 7.1.6 | 54.00 | 102.00 | 156.00 | OK |
Version: 7.1.6
Check: C++ specification
Result: NOTE
Specified C++14: please drop specification unless essential
Flavors: r-devel-linux-x86_64-debian-clang, r-devel-linux-x86_64-debian-gcc, r-devel-linux-x86_64-fedora-clang, r-devel-linux-x86_64-fedora-gcc, r-devel-windows-x86_64, r-patched-linux-x86_64