Last updated on 2024-08-31 08:48:21 CEST.
Flavor | Version | Tinstall | Tcheck | Ttotal | Status | Flags |
---|---|---|---|---|---|---|
r-devel-linux-x86_64-debian-clang | 1.0.1 | 5.50 | 45.93 | 51.43 | NOTE | |
r-devel-linux-x86_64-debian-gcc | 1.0.1 | 4.38 | 34.00 | 38.38 | NOTE | |
r-devel-linux-x86_64-fedora-clang | 1.0.1 | 80.80 | NOTE | |||
r-devel-linux-x86_64-fedora-gcc | 1.0.1 | 79.54 | NOTE | |||
r-devel-windows-x86_64 | 1.0.1 | 7.00 | 95.00 | 102.00 | NOTE | |
r-patched-linux-x86_64 | 1.0.1 | 5.33 | 42.74 | 48.07 | NOTE | |
r-release-linux-x86_64 | 1.0.1 | 4.79 | 43.24 | 48.03 | NOTE | |
r-release-macos-arm64 | 1.0.1 | 67.00 | NOTE | |||
r-release-macos-x86_64 | 1.0.1 | 79.00 | NOTE | |||
r-release-windows-x86_64 | 1.0.1 | 8.00 | 107.00 | 115.00 | NOTE | |
r-oldrel-macos-arm64 | 1.0.1 | 56.00 | NOTE | |||
r-oldrel-macos-x86_64 | 1.0.1 | 74.00 | NOTE | |||
r-oldrel-windows-x86_64 | 1.0.1 | 8.00 | 108.00 | 116.00 | NOTE |
Version: 1.0.1
Check: LazyData
Result: NOTE
'LazyData' is specified without a 'data' directory
Flavors: r-devel-linux-x86_64-debian-clang, r-devel-linux-x86_64-debian-gcc, r-devel-linux-x86_64-fedora-clang, r-devel-linux-x86_64-fedora-gcc, r-devel-windows-x86_64, r-patched-linux-x86_64, r-release-linux-x86_64, r-release-macos-arm64, r-release-macos-x86_64, r-release-windows-x86_64, r-oldrel-macos-arm64, r-oldrel-macos-x86_64, r-oldrel-windows-x86_64