Last updated on 2024-03-12 07:50:05 CET.
Flavor | Version | Tinstall | Tcheck | Ttotal | Status | Flags |
---|---|---|---|---|---|---|
r-devel-linux-x86_64-debian-clang | 0.1.5.1 | 622.41 | 83.39 | 705.80 | OK | |
r-devel-linux-x86_64-debian-gcc | 0.1.5.2 | 497.50 | 63.09 | 560.59 | OK | |
r-devel-linux-x86_64-fedora-clang | 0.1.5.2 | 1119.70 | OK | |||
r-devel-linux-x86_64-fedora-gcc | 0.1.5.2 | 1112.99 | OK | |||
r-devel-windows-x86_64 | 0.1.5.2 | 333.00 | 150.00 | 483.00 | OK | |
r-patched-linux-x86_64 | 0.1.5.1 | 608.21 | 83.22 | 691.43 | OK | |
r-release-linux-x86_64 | 0.1.5.1 | 602.13 | 81.21 | 683.34 | OK | |
r-release-macos-arm64 | 0.1.5.2 | 172.00 | NOTE | |||
r-release-macos-x86_64 | 0.1.5.2 | 202.00 | NOTE | |||
r-release-windows-x86_64 | 0.1.5.1 | 598.00 | 155.00 | 753.00 | OK | |
r-oldrel-macos-arm64 | 0.1.5.2 | 176.00 | NOTE | |||
r-oldrel-windows-x86_64 | 0.1.5.2 | 349.00 | 153.00 | 502.00 | OK |
Version: 0.1.5.2
Check: installed package size
Result: NOTE
installed size is 22.0Mb
sub-directories of 1Mb or more:
libs 21.2Mb
Flavors: r-release-macos-arm64, r-release-macos-x86_64, r-oldrel-macos-arm64