Last updated on 2023-01-28 08:00:45 CET.
Flavor | Version | Tinstall | Tcheck | Ttotal | Status | Flags |
---|---|---|---|---|---|---|
r-devel-linux-x86_64-debian-clang | 0.2.5 | 49.55 | 33.73 | 83.28 | OK | |
r-devel-linux-x86_64-debian-gcc | 0.2.5 | 43.64 | 26.43 | 70.07 | NOTE | |
r-devel-linux-x86_64-fedora-clang | 0.2.5 | 128.42 | OK | |||
r-devel-linux-x86_64-fedora-gcc | 0.2.5 | 117.41 | NOTE | |||
r-devel-windows-x86_64 | 0.2.5 | 61.00 | 86.00 | 147.00 | OK | |
r-patched-linux-x86_64 | 0.2.5 | 41.16 | 32.97 | 74.13 | OK | |
r-release-linux-x86_64 | 0.2.5 | 49.22 | 33.11 | 82.33 | OK | |
r-release-macos-arm64 | 0.2.5 | 35.00 | NOTE | |||
r-release-macos-x86_64 | 0.2.5 | 44.00 | NOTE | |||
r-release-windows-x86_64 | 0.2.5 | 49.00 | 86.00 | 135.00 | OK | |
r-oldrel-macos-arm64 | 0.2.5 | 42.00 | NOTE | |||
r-oldrel-macos-x86_64 | 0.2.5 | 48.00 | NOTE | |||
r-oldrel-windows-ix86+x86_64 | 0.2.5 | 123.00 | 88.00 | 211.00 | OK |
Version: 0.2.5
Check: C++ specification
Result: NOTE
Specified C++11: please update to current default of C++17
Flavors: r-devel-linux-x86_64-debian-gcc, r-devel-linux-x86_64-fedora-gcc
Version: 0.2.5
Check: installed package size
Result: NOTE
installed size is 5.5Mb
sub-directories of 1Mb or more:
libs 5.3Mb
Flavors: r-release-macos-arm64, r-release-macos-x86_64, r-oldrel-macos-arm64, r-oldrel-macos-x86_64