Last updated on 2024-03-12 07:50:05 CET.
Flavor | Version | Tinstall | Tcheck | Ttotal | Status | Flags |
---|---|---|---|---|---|---|
r-devel-linux-x86_64-debian-clang | 0.9.1 | 2.33 | 29.73 | 32.06 | NOTE | |
r-devel-linux-x86_64-debian-gcc | 0.9.1 | 1.92 | 23.84 | 25.76 | NOTE | |
r-devel-linux-x86_64-fedora-clang | 0.9.1 | 40.47 | NOTE | |||
r-devel-linux-x86_64-fedora-gcc | 0.9.1 | 39.53 | NOTE | |||
r-devel-windows-x86_64 | 0.9.1 | 3.00 | 45.00 | 48.00 | NOTE | |
r-patched-linux-x86_64 | 0.9.1 | 2.12 | 28.48 | 30.60 | OK | |
r-release-linux-x86_64 | 0.9.1 | 2.55 | 28.09 | 30.64 | OK | |
r-release-macos-arm64 | 0.9.1 | 18.00 | OK | |||
r-release-macos-x86_64 | 0.9.1 | 22.00 | OK | |||
r-release-windows-x86_64 | 0.9.1 | 3.00 | 44.00 | 47.00 | OK | |
r-oldrel-macos-arm64 | 0.9.1 | 16.00 | OK | |||
r-oldrel-windows-x86_64 | 0.9.1 | 3.00 | 50.00 | 53.00 | OK |
Version: 0.9.1
Check: Rd files
Result: NOTE
checkRd: (-1) RivivcA.Rd:7: Lost braces
7 | This is the major function to be called where numerical convolution ad/or deconvolution might be used for a linear in vitro in vivo correlation level A. It performes either numerical convolution via /code{NumConv()} or deconvolution via /code{NumDeconv()} and correlates their results with the known.data object via linear regression \code{lm()}. If you just want raw results of convolution/deconvolution then call explicitely \code{\link{NumConv}} or \code{link{NumDeconv}}
| ^
checkRd: (-1) RivivcA.Rd:7: Lost braces
7 | This is the major function to be called where numerical convolution ad/or deconvolution might be used for a linear in vitro in vivo correlation level A. It performes either numerical convolution via /code{NumConv()} or deconvolution via /code{NumDeconv()} and correlates their results with the known.data object via linear regression \code{lm()}. If you just want raw results of convolution/deconvolution then call explicitely \code{\link{NumConv}} or \code{link{NumDeconv}}
| ^
Flavors: r-devel-linux-x86_64-debian-clang, r-devel-linux-x86_64-debian-gcc, r-devel-linux-x86_64-fedora-clang, r-devel-linux-x86_64-fedora-gcc, r-devel-windows-x86_64