Last updated on 2023-01-28 08:00:45 CET.
Flavor | Version | Tinstall | Tcheck | Ttotal | Status | Flags |
---|---|---|---|---|---|---|
r-devel-linux-x86_64-debian-clang | 0.3.2 | 312.19 | 84.61 | 396.80 | OK | |
r-devel-linux-x86_64-debian-gcc | 0.3.2 | 250.17 | 64.23 | 314.40 | NOTE | |
r-devel-linux-x86_64-fedora-clang | 0.3.2 | 598.13 | OK | |||
r-devel-linux-x86_64-fedora-gcc | 0.3.2 | 533.53 | NOTE | |||
r-devel-windows-x86_64 | 0.3.2 | 234.00 | 137.00 | 371.00 | OK | |
r-patched-linux-x86_64 | 0.3.2 | 263.69 | 78.93 | 342.62 | OK | |
r-release-linux-x86_64 | 0.3.2 | 274.69 | 81.61 | 356.30 | OK | |
r-release-macos-arm64 | 0.3.2 | 119.00 | NOTE | |||
r-release-macos-x86_64 | 0.3.2 | 151.00 | NOTE | |||
r-release-windows-x86_64 | 0.3.2 | 207.00 | 138.00 | 345.00 | OK | |
r-oldrel-macos-arm64 | 0.3.2 | 132.00 | NOTE | |||
r-oldrel-macos-x86_64 | 0.3.2 | 162.00 | NOTE | |||
r-oldrel-windows-ix86+x86_64 | 0.3.2 | 679.00 | 153.00 | 832.00 | OK |
Version: 0.3.2
Check: C++ specification
Result: NOTE
Specified C++11: please update to current default of C++17
Flavors: r-devel-linux-x86_64-debian-gcc, r-devel-linux-x86_64-fedora-gcc
Version: 0.3.2
Check: installed package size
Result: NOTE
installed size is 12.7Mb
sub-directories of 1Mb or more:
libs 12.5Mb
Flavors: r-release-macos-arm64, r-release-macos-x86_64, r-oldrel-macos-arm64, r-oldrel-macos-x86_64