Last updated on 2024-04-24 07:57:52 CEST.
Flavor | Version | Tinstall | Tcheck | Ttotal | Status | Flags |
---|---|---|---|---|---|---|
r-devel-linux-x86_64-debian-clang | 3.1.0 | 46.73 | 179.87 | 226.60 | OK | |
r-devel-linux-x86_64-debian-gcc | 3.1.0 | 36.96 | 131.00 | 167.96 | OK | |
r-devel-linux-x86_64-fedora-clang | 3.1.0 | 348.27 | NOTE | |||
r-devel-linux-x86_64-fedora-gcc | 3.1.0 | 445.20 | OK | |||
r-prerel-macos-arm64 | 3.1.0 | 246.00 | OK | |||
r-prerel-windows-x86_64 | 3.1.0 | 53.00 | 305.00 | 358.00 | OK | |
r-patched-linux-x86_64 | 3.1.0 | 46.52 | 169.67 | 216.19 | NOTE | |
r-release-linux-x86_64 | 3.1.0 | 38.89 | 164.90 | 203.79 | NOTE | |
r-release-macos-arm64 | 3.1.0 | 225.00 | OK | |||
r-release-macos-x86_64 | 3.1.0 | 497.00 | OK | |||
r-release-windows-x86_64 | 3.1.0 | 66.00 | 510.00 | 576.00 | OK | |
r-oldrel-macos-arm64 | 3.1.0 | 217.00 | OK | |||
r-oldrel-windows-x86_64 | 3.1.0 | 47.00 | 331.00 | 378.00 | OK |
Version: 3.1.0
Check: Rd cross-references
Result: NOTE
Undeclared packages ‘bridgesampling’, ‘rstan’, ‘extraDistr’ in Rd xrefs
Flavor: r-devel-linux-x86_64-fedora-clang
Version: 3.1.0
Check: package dependencies
Result: NOTE
Package suggested but not available for checking: ‘metaBMA’
Flavors: r-patched-linux-x86_64, r-release-linux-x86_64