Last updated on 2024-03-12 07:50:05 CET.
Flavor | Version | Tinstall | Tcheck | Ttotal | Status | Flags |
---|---|---|---|---|---|---|
r-devel-linux-x86_64-debian-clang | 1.2.1 | 709.23 | 107.79 | 817.02 | OK | |
r-devel-linux-x86_64-debian-gcc | 1.2.1 | 634.73 | 122.43 | 757.16 | OK | |
r-devel-linux-x86_64-fedora-clang | 1.2.1 | 1007.93 | NOTE | |||
r-devel-linux-x86_64-fedora-gcc | 1.2.1 | 1437.66 | NOTE | |||
r-devel-windows-x86_64 | 1.2.1 | 535.00 | 158.00 | 693.00 | NOTE | |
r-patched-linux-x86_64 | 1.2.1 | 559.78 | 159.38 | 719.16 | OK | |
r-release-linux-x86_64 | 1.2.1 | 0.02 | 2.42 | 2.44 | ERROR | |
r-release-macos-arm64 | 1.2.1 | 328.00 | NOTE | |||
r-release-macos-x86_64 | 1.2.1 | 457.00 | NOTE | |||
r-release-windows-x86_64 | 1.2.1 | 708.00 | 203.00 | 911.00 | NOTE | |
r-oldrel-macos-arm64 | 1.2.1 | 331.00 | NOTE | |||
r-oldrel-windows-x86_64 | 1.2.1 | 664.00 | 184.00 | 848.00 | NOTE |
Version: 1.2.1
Check: installed package size
Result: NOTE
installed size is 7.2Mb
sub-directories of 1Mb or more:
libs 6.5Mb
Flavors: r-devel-linux-x86_64-fedora-clang, r-devel-windows-x86_64, r-release-macos-arm64, r-release-macos-x86_64, r-release-windows-x86_64, r-oldrel-macos-arm64, r-oldrel-windows-x86_64
Version: 1.2.1
Check: Rd cross-references
Result: NOTE
Undeclared package ‘extraDistr’ in Rd xrefs
Flavor: r-devel-linux-x86_64-fedora-clang
Version: 1.2.1
Check: for GNU extensions in Makefiles
Result: NOTE
GNU make is a SystemRequirements.
Flavors: r-devel-linux-x86_64-fedora-clang, r-devel-linux-x86_64-fedora-gcc, r-release-macos-arm64, r-release-macos-x86_64, r-oldrel-macos-arm64
Version: 1.2.1
Check: whether package can be installed
Result: ERROR
Installation failed.
Flavor: r-release-linux-x86_64